74.7.227.45 - - [14/Dec/2025:10:10:13 -0500] "GET /ar/wp-content/plugins/tf-car-listing/public/assets/third-party/nice-select/nice-select.min.js HTTP/2.0" 200 2822 "-" "Mozilla/5.0 AppleWebKit/537.36 (KHTML, like Gecko; compatible; GPTBot/1.3; +https://openai.com/gptbot)"
74.7.227.45 - - [14/Dec/2025:10:10:13 -0500] "GET /ar/wp-content/plugins/elementor/assets/css/widget-social-icons-rtl.min.css?ver=3.31.3 HTTP/2.0" 200 5150 "-" "Mozilla/5.0 AppleWebKit/537.36 (KHTML, like Gecko; compatible; GPTBot/1.3; +https://openai.com/gptbot)"
74.7.227.45 - - [14/Dec/2025:10:10:14 -0500] "GET /ar/wp-content/plugins/contact-form-7/includes/js/index.js?ver=6.1.1 HTTP/2.0" 200 13452 "-" "Mozilla/5.0 AppleWebKit/537.36 (KHTML, like Gecko; compatible; GPTBot/1.3; +https://openai.com/gptbot)"
74.7.227.45 - - [14/Dec/2025:10:10:14 -0500] "GET /ar/wp-content/uploads/2024/10/Untitled-3.svg HTTP/2.0" 200 33051 "-" "Mozilla/5.0 AppleWebKit/537.36 (KHTML, like Gecko; compatible; GPTBot/1.3; +https://openai.com/gptbot)"
74.7.227.45 - - [14/Dec/2025:10:10:15 -0500] "GET /ar/wp-content/plugins/tf-car-listing/public/templates/shortcodes/loan-calculator/assets/js/loan-calculator.js?ver=6.9 HTTP/2.0" 200 3405 "-" "Mozilla/5.0 AppleWebKit/537.36 (KHTML, like Gecko; compatible; GPTBot/1.3; +https://openai.com/gptbot)"
74.7.227.45 - - [14/Dec/2025:10:10:15 -0500] "GET /ar/franchise/%d8%b0%d8%a7-%d8%b3%d8%aa%d9%81%d8%af-%d8%a8%d8%b1%d8%ac%d8%b1-%d9%83%d9%88/ HTTP/2.0" 200 173485 "-" "Mozilla/5.0 AppleWebKit/537.36 (KHTML, like Gecko; compatible; GPTBot/1.3; +https://openai.com/gptbot)"
50.6.4.141 - - [14/Dec/2025:10:10:17 -0500] "POST /ar/wp-cron.php?doing_wp_cron=1765725017.0470180511474609375000 HTTP/1.1" 200 - "-" "WordPress/6.9; https://emtiyz.com/ar"
74.7.227.45 - - [14/Dec/2025:10:10:16 -0500] "GET /ar/wp-json/oembed/1.0/embed?url=https%3A%2F%2Femtiyz.com%2Far%2Fabout-us%2F HTTP/2.0" 200 2242 "-" "Mozilla/5.0 AppleWebKit/537.36 (KHTML, like Gecko; compatible; GPTBot/1.3; +https://openai.com/gptbot)"
74.7.227.45 - - [14/Dec/2025:10:10:17 -0500] "GET /ar/wp-json/oembed/1.0/embed?url=https%3A%2F%2Femtiyz.com%2Far%2F%25d9%2586%25d8%25ac%25d8%25a7%25d8%25ad-%25d9%2585%25d8%25b4%25d8%25aa%25d8%25b1%25d9%2583-%25d9%2585%25d8%25b9-%25d8%25a7%25d9%2585%25d8%25aa%25d9%258a%25d8%25a7%25d8%25b2-%25d9%2581%25d9%258a-%25d9%2587%25d8%25b0%25d9%2587-%25d8%25a7%25d9%2584%25d8%25ac%25d8%25a7%25d8%25a6%25d8%25b2%25d8%25a9%2F HTTP/2.0" 200 3373 "-" "Mozilla/5.0 AppleWebKit/537.36 (KHTML, like Gecko; compatible; GPTBot/1.3; +https://openai.com/gptbot)"
74.7.227.45 - - [14/Dec/2025:10:10:17 -0500] "GET /ar/wp-json/oembed/1.0/embed?url=https%3A%2F%2Femtiyz.com%2Far%2Ffranchise%2F%25d8%25b4%25d8%25a7%25d9%2588%25d8%25b1%25d9%2585%25d8%25a7-%25d9%2587%25d9%2584%25d9%258a%25d9%2584%2F HTTP/2.0" 200 2609 "-" "Mozilla/5.0 AppleWebKit/537.36 (KHTML, like Gecko; compatible; GPTBot/1.3; +https://openai.com/gptbot)"
74.7.227.45 - - [14/Dec/2025:10:10:18 -0500] "GET /ar/wp-includes/js/comment-reply.min.js?ver=6.9 HTTP/2.0" 200 3026 "-" "Mozilla/5.0 AppleWebKit/537.36 (KHTML, like Gecko; compatible; GPTBot/1.3; +https://openai.com/gptbot)"
74.7.227.45 - - [14/Dec/2025:10:10:19 -0500] "GET /ar/wp-content/plugins/pro-elements/assets/js/frontend.min.js?ver=3.31.2 HTTP/2.0" 200 24209 "-" "Mozilla/5.0 AppleWebKit/537.36 (KHTML, like Gecko; compatible; GPTBot/1.3; +https://openai.com/gptbot)"
74.7.227.45 - - [14/Dec/2025:10:10:19 -0500] "GET /ar/wp-includes/js/jquery/ui/datepicker.min.js?ver=1.13.3 HTTP/2.0" 200 36748 "-" "Mozilla/5.0 AppleWebKit/537.36 (KHTML, like Gecko; compatible; GPTBot/1.3; +https://openai.com/gptbot)"
74.7.227.45 - - [14/Dec/2025:10:10:20 -0500] "GET /ar/wp-json/oembed/1.0/embed?url=https%3A%2F%2Femtiyz.com%2Far%2Ffranchise%2F%25d8%25a8%25d8%25a7%25d8%25b1%25d9%2586%25d8%25b2-%25d9%2583%25d8%25a7%25d9%2581%25d9%258a%25d9%2587%2F HTTP/2.0" 200 2603 "-" "Mozilla/5.0 AppleWebKit/537.36 (KHTML, like Gecko; compatible; GPTBot/1.3; +https://openai.com/gptbot)"
74.7.227.45 - - [14/Dec/2025:10:10:20 -0500] "GET /ar/wp-content/plugins/elementor/assets/lib/swiper/v8/css/swiper.min.css?ver=8.4.5 HTTP/2.0" 200 16471 "-" "Mozilla/5.0 AppleWebKit/537.36 (KHTML, like Gecko; compatible; GPTBot/1.3; +https://openai.com/gptbot)"
74.7.227.45 - - [14/Dec/2025:10:10:21 -0500] "GET /ar/franchise/%d9%83%d9%88%d9%81%d9%8a-%d9%87%d8%a7%d9%88%d8%b3-%d8%a8%d8%b1%d8%a7%d9%8a%d9%85/feed/ HTTP/2.0" 200 913 "-" "Mozilla/5.0 AppleWebKit/537.36 (KHTML, like Gecko; compatible; GPTBot/1.3; +https://openai.com/gptbot)"
74.7.227.45 - - [14/Dec/2025:10:10:21 -0500] "GET /ar/wp-content/plugins/tf-car-listing/public/assets/third-party/jquery-ui/jquery-ui.min.css?ver=1.11.4 HTTP/2.0" 200 30169 "-" "Mozilla/5.0 AppleWebKit/537.36 (KHTML, like Gecko; compatible; GPTBot/1.3; +https://openai.com/gptbot)"
74.7.227.45 - - [14/Dec/2025:10:10:22 -0500] "GET /ar/wp-json/oembed/1.0/embed?url=https%3A%2F%2Femtiyz.com%2Far%2Ffranchise%2F%25d8%25b0%25d8%25a7-%25d8%25b3%25d8%25aa%25d9%2581%25d8%25af-%25d8%25a8%25d8%25b1%25d8%25ac%25d8%25b1-%25d9%2583%25d9%2588%2F HTTP/2.0" 200 2679 "-" "Mozilla/5.0 AppleWebKit/537.36 (KHTML, like Gecko; compatible; GPTBot/1.3; +https://openai.com/gptbot)"
74.7.227.45 - - [14/Dec/2025:10:10:22 -0500] "GET /ar/wp-json/oembed/1.0/embed?format=xml&url=https%3A%2F%2Femtiyz.com%2Far%2Ffranchise%2F%25d8%25b0%25d8%25a7-%25d8%25b3%25d8%25aa%25d9%2581%25d8%25af-%25d8%25a8%25d8%25b1%25d8%25ac%25d8%25b1-%25d9%2583%25d9%2588%2F HTTP/2.0" 200 2894 "-" "Mozilla/5.0 AppleWebKit/537.36 (KHTML, like Gecko; compatible; GPTBot/1.3; +https://openai.com/gptbot)"
74.7.227.45 - - [14/Dec/2025:10:10:23 -0500] "GET /ar/?p=4880 HTTP/2.0" 301 - "-" "Mozilla/5.0 AppleWebKit/537.36 (KHTML, like Gecko; compatible; GPTBot/1.3; +https://openai.com/gptbot)"
74.7.227.45 - - [14/Dec/2025:10:10:24 -0500] "GET /ar/franchise/%d8%b0%d8%a7-%d8%b3%d8%aa%d9%81%d8%af-%d8%a8%d8%b1%d8%ac%d8%b1-%d9%83%d9%88/ HTTP/2.0" 200 173475 "-" "Mozilla/5.0 AppleWebKit/537.36 (KHTML, like Gecko; compatible; GPTBot/1.3; +https://openai.com/gptbot)"
74.7.227.45 - - [14/Dec/2025:10:10:25 -0500] "GET /ar/%d9%88%d8%b2%d8%a7%d8%b1%d8%a9-%d8%a7%d9%84%d8%a7%d9%82%d8%aa%d8%b5%d8%a7%d8%af-%d8%aa%d8%b7%d9%84%d9%82-%d8%a8%d8%b1%d9%86%d8%a7%d9%85%d8%ac-scale-up-franchise-%d8%a8%d8%a7%d9%84%d8%aa%d8%b9/ HTTP/2.0" 200 120886 "-" "Mozilla/5.0 AppleWebKit/537.36 (KHTML, like Gecko; compatible; GPTBot/1.3; +https://openai.com/gptbot)"
74.7.227.45 - - [14/Dec/2025:10:10:25 -0500] "GET /ar/wp-content/themes/autodeal/js/html5shiv.js?ver=3.7.0 HTTP/2.0" 200 2437 "-" "Mozilla/5.0 AppleWebKit/537.36 (KHTML, like Gecko; compatible; GPTBot/1.3; +https://openai.com/gptbot)"
74.7.227.45 - - [14/Dec/2025:10:10:26 -0500] "GET /ar/franchise/%d9%87%d9%88%d8%aa-%d8%b3%d8%aa%d9%88%d9%86-%d8%b3%d8%a8%d8%a7/ HTTP/2.0" 200 174106 "-" "Mozilla/5.0 AppleWebKit/537.36 (KHTML, like Gecko; compatible; GPTBot/1.3; +https://openai.com/gptbot)"
74.7.227.45 - - [14/Dec/2025:10:10:27 -0500] "GET /ar/wp-content/plugins/tf-car-listing/public/assets/third-party/light-gallery/lightgallery.css?ver=6.9 HTTP/2.0" 200 15762 "-" "Mozilla/5.0 AppleWebKit/537.36 (KHTML, like Gecko; compatible; GPTBot/1.3; +https://openai.com/gptbot)"
74.7.227.45 - - [14/Dec/2025:10:10:27 -0500] "GET /ar/make/%d9%82%d8%b7%d8%a7%d8%b9-%d8%a7%d9%84%d8%aa%d8%ac%d8%b2%d8%a6%d8%a9/ HTTP/2.0" 200 153147 "-" "Mozilla/5.0 AppleWebKit/537.36 (KHTML, like Gecko; compatible; GPTBot/1.3; +https://openai.com/gptbot)"
74.7.227.45 - - [14/Dec/2025:10:10:28 -0500] "GET /ar/wp-includes/js/imagesloaded.min.js?ver=5.0.0 HTTP/2.0" 200 5520 "-" "Mozilla/5.0 AppleWebKit/537.36 (KHTML, like Gecko; compatible; GPTBot/1.3; +https://openai.com/gptbot)"
74.7.227.45 - - [14/Dec/2025:10:10:29 -0500] "GET /ar/wp-content/plugins/tf-car-listing/includes/elementor-widget/assets/js/taxonomy.js?ver=6.9 HTTP/2.0" 200 2422 "-" "Mozilla/5.0 AppleWebKit/537.36 (KHTML, like Gecko; compatible; GPTBot/1.3; +https://openai.com/gptbot)"
74.7.227.45 - - [14/Dec/2025:10:10:29 -0500] "GET /ar/comments/feed/ HTTP/2.0" 200 6500 "-" "Mozilla/5.0 AppleWebKit/537.36 (KHTML, like Gecko; compatible; GPTBot/1.3; +https://openai.com/gptbot)"
74.7.227.45 - - [14/Dec/2025:10:10:30 -0500] "GET /ar/%d8%aa%d8%b7%d9%88%d9%8a%d8%b1-%d8%a3%d9%86%d8%b8%d9%85%d8%a9-%d8%a7%d9%84%d9%81%d8%b1%d9%86%d8%b4%d8%a7%d9%8a%d8%b2/ HTTP/2.0" 200 124919 "-" "Mozilla/5.0 AppleWebKit/537.36 (KHTML, like Gecko; compatible; GPTBot/1.3; +https://openai.com/gptbot)"
74.7.227.45 - - [14/Dec/2025:10:10:30 -0500] "GET /ar/body/%d8%a7%d9%85%d8%aa%d9%8a%d8%a7%d8%b2-%d8%a7%d9%82%d8%aa%d8%b5%d8%a7%d8%af%d9%8a/ HTTP/2.0" 200 311387 "-" "Mozilla/5.0 AppleWebKit/537.36 (KHTML, like Gecko; compatible; GPTBot/1.3; +https://openai.com/gptbot)"
74.7.227.45 - - [14/Dec/2025:10:10:31 -0500] "GET /ar/dealer/lanna-sio/ HTTP/2.0" 200 137247 "-" "Mozilla/5.0 AppleWebKit/537.36 (KHTML, like Gecko; compatible; GPTBot/1.3; +https://openai.com/gptbot)"
74.7.227.45 - - [14/Dec/2025:10:10:32 -0500] "GET /ar/author/admin/feed/ HTTP/2.0" 200 18865 "-" "Mozilla/5.0 AppleWebKit/537.36 (KHTML, like Gecko; compatible; GPTBot/1.3; +https://openai.com/gptbot)"
74.7.227.45 - - [14/Dec/2025:10:10:33 -0500] "GET /ar/wp-json/oembed/1.0/embed?format=xml&url=https%3A%2F%2Femtiyz.com%2Far%2F%25d9%2588%25d8%25b2%25d8%25a7%25d8%25b1%25d8%25a9-%25d8%25a7%25d9%2584%25d8%25a7%25d9%2582%25d8%25aa%25d8%25b5%25d8%25a7%25d8%25af-%25d8%25aa%25d8%25b7%25d9%2584%25d9%2582-%25d8%25a8%25d8%25b1%25d9%2586%25d8%25a7%25d9%2585%25d8%25ac-scale-up-franchise-%25d8%25a8%25d8%25a7%25d9%2584%25d8%25aa%25d8%25b9%2F HTTP/2.0" 200 4083 "-" "Mozilla/5.0 AppleWebKit/537.36 (KHTML, like Gecko; compatible; GPTBot/1.3; +https://openai.com/gptbot)"
74.7.227.45 - - [14/Dec/2025:10:10:34 -0500] "GET /ar/wp-json/wp/v2/posts/4283 HTTP/2.0" 200 8134 "-" "Mozilla/5.0 AppleWebKit/537.36 (KHTML, like Gecko; compatible; GPTBot/1.3; +https://openai.com/gptbot)"
74.7.227.45 - - [14/Dec/2025:10:10:34 -0500] "GET /ar/wp-json/oembed/1.0/embed?url=https%3A%2F%2Femtiyz.com%2Far%2Ffranchise%2F%25d9%2587%25d9%2588%25d8%25aa-%25d8%25b3%25d8%25aa%25d9%2588%25d9%2586-%25d8%25b3%25d8%25a8%25d8%25a7%2F HTTP/2.0" 200 2614 "-" "Mozilla/5.0 AppleWebKit/537.36 (KHTML, like Gecko; compatible; GPTBot/1.3; +https://openai.com/gptbot)"
74.7.227.45 - - [14/Dec/2025:10:10:35 -0500] "GET /ar/franchise/%d9%87%d9%88%d8%aa-%d8%b3%d8%aa%d9%88%d9%86-%d8%b3%d8%a8%d8%a7/feed/ HTTP/2.0" 200 871 "-" "Mozilla/5.0 AppleWebKit/537.36 (KHTML, like Gecko; compatible; GPTBot/1.3; +https://openai.com/gptbot)"
74.7.227.45 - - [14/Dec/2025:10:10:35 -0500] "GET /ar/wp-json/oembed/1.0/embed?url=https%3A%2F%2Femtiyz.com%2Far%2F%25d9%2588%25d8%25b2%25d8%25a7%25d8%25b1%25d8%25a9-%25d8%25a7%25d9%2584%25d8%25a7%25d9%2582%25d8%25aa%25d8%25b5%25d8%25a7%25d8%25af-%25d8%25aa%25d8%25b7%25d9%2584%25d9%2582-%25d8%25a8%25d8%25b1%25d9%2586%25d8%25a7%25d9%2585%25d8%25ac-scale-up-franchise-%25d8%25a8%25d8%25a7%25d9%2584%25d8%25aa%25d8%25b9%2F HTTP/2.0" 200 3737 "-" "Mozilla/5.0 AppleWebKit/537.36 (KHTML, like Gecko; compatible; GPTBot/1.3; +https://openai.com/gptbot)"
74.7.227.45 - - [14/Dec/2025:10:10:36 -0500] "GET /ar/?p=4855 HTTP/2.0" 301 - "-" "Mozilla/5.0 AppleWebKit/537.36 (KHTML, like Gecko; compatible; GPTBot/1.3; +https://openai.com/gptbot)"
74.7.227.45 - - [14/Dec/2025:10:10:36 -0500] "GET /ar/franchise/%d9%87%d9%88%d8%aa-%d8%b3%d8%aa%d9%88%d9%86-%d8%b3%d8%a8%d8%a7/ HTTP/2.0" 200 174111 "-" "Mozilla/5.0 AppleWebKit/537.36 (KHTML, like Gecko; compatible; GPTBot/1.3; +https://openai.com/gptbot)"
74.7.227.45 - - [14/Dec/2025:10:10:37 -0500] "GET /ar/wp-json/oembed/1.0/embed?format=xml&url=https%3A%2F%2Femtiyz.com%2Far%2Ffranchise%2F%25d9%2587%25d9%2588%25d8%25aa-%25d8%25b3%25d8%25aa%25d9%2588%25d9%2586-%25d8%25b3%25d8%25a8%25d8%25a7%2F HTTP/2.0" 200 2823 "-" "Mozilla/5.0 AppleWebKit/537.36 (KHTML, like Gecko; compatible; GPTBot/1.3; +https://openai.com/gptbot)"
74.7.227.45 - - [14/Dec/2025:10:10:38 -0500] "GET /ar/wp-json/wp/v2/pages/4458 HTTP/2.0" 200 25807 "-" "Mozilla/5.0 AppleWebKit/537.36 (KHTML, like Gecko; compatible; GPTBot/1.3; +https://openai.com/gptbot)"
74.7.227.45 - - [14/Dec/2025:10:10:38 -0500] "GET /ar/wp-json/oembed/1.0/embed?url=https%3A%2F%2Femtiyz.com%2Far%2F%25d8%25aa%25d8%25b7%25d9%2588%25d9%258a%25d8%25b1-%25d8%25a3%25d9%2586%25d8%25b8%25d9%2585%25d8%25a9-%25d8%25a7%25d9%2584%25d9%2581%25d8%25b1%25d9%2586%25d8%25b4%25d8%25a7%25d9%258a%25d8%25b2%2F HTTP/2.0" 200 2713 "-" "Mozilla/5.0 AppleWebKit/537.36 (KHTML, like Gecko; compatible; GPTBot/1.3; +https://openai.com/gptbot)"
74.7.227.45 - - [14/Dec/2025:10:10:39 -0500] "GET /ar/wp-json/oembed/1.0/embed?format=xml&url=https%3A%2F%2Femtiyz.com%2Far%2F%25d8%25aa%25d8%25b7%25d9%2588%25d9%258a%25d8%25b1-%25d8%25a3%25d9%2586%25d8%25b8%25d9%2585%25d8%25a9-%25d8%25a7%25d9%2584%25d9%2581%25d8%25b1%25d9%2586%25d8%25b4%25d8%25a7%25d9%258a%25d8%25b2%2F HTTP/2.0" 200 2914 "-" "Mozilla/5.0 AppleWebKit/537.36 (KHTML, like Gecko; compatible; GPTBot/1.3; +https://openai.com/gptbot)"
74.7.227.45 - - [14/Dec/2025:10:10:40 -0500] "GET /ar/dealer/lanna-sio/feed/ HTTP/2.0" 200 1672 "-" "Mozilla/5.0 AppleWebKit/537.36 (KHTML, like Gecko; compatible; GPTBot/1.3; +https://openai.com/gptbot)"
74.7.227.45 - - [14/Dec/2025:10:10:40 -0500] "GET /ar/wp-json/oembed/1.0/embed?url=https%3A%2F%2Femtiyz.com%2Far%2Fdealer%2Flanna-sio%2F HTTP/2.0" 200 2326 "-" "Mozilla/5.0 AppleWebKit/537.36 (KHTML, like Gecko; compatible; GPTBot/1.3; +https://openai.com/gptbot)"
74.7.227.45 - - [14/Dec/2025:10:10:41 -0500] "GET /ar/?p=4458 HTTP/2.0" 301 - "-" "Mozilla/5.0 AppleWebKit/537.36 (KHTML, like Gecko; compatible; GPTBot/1.3; +https://openai.com/gptbot)"
74.7.227.45 - - [14/Dec/2025:10:10:41 -0500] "GET /ar/%d8%aa%d8%b7%d9%88%d9%8a%d8%b1-%d8%a3%d9%86%d8%b8%d9%85%d8%a9-%d8%a7%d9%84%d9%81%d8%b1%d9%86%d8%b4%d8%a7%d9%8a%d8%b2/ HTTP/2.0" 200 124919 "-" "Mozilla/5.0 AppleWebKit/537.36 (KHTML, like Gecko; compatible; GPTBot/1.3; +https://openai.com/gptbot)"
74.7.227.45 - - [14/Dec/2025:10:10:42 -0500] "GET /ar/body/%d8%a7%d9%85%d8%aa%d9%8a%d8%a7%d8%b2-%d8%a7%d9%82%d8%aa%d8%b5%d8%a7%d8%af%d9%8a/feed/ HTTP/2.0" 200 18981 "-" "Mozilla/5.0 AppleWebKit/537.36 (KHTML, like Gecko; compatible; GPTBot/1.3; +https://openai.com/gptbot)"
74.7.227.45 - - [14/Dec/2025:10:10:43 -0500] "GET /ar/wp-content/plugins/themesflat-core/assets/js/posts/tf-posts.js?ver=6.9 HTTP/2.0" 200 2173 "-" "Mozilla/5.0 AppleWebKit/537.36 (KHTML, like Gecko; compatible; GPTBot/1.3; +https://openai.com/gptbot)"
74.7.227.45 - - [14/Dec/2025:10:10:43 -0500] "GET /ar/wp-includes/js/underscore.min.js?ver=1.13.7 HTTP/2.0" 200 18905 "-" "Mozilla/5.0 AppleWebKit/537.36 (KHTML, like Gecko; compatible; GPTBot/1.3; +https://openai.com/gptbot)"
74.7.227.45 - - [14/Dec/2025:10:10:44 -0500] "GET /ar/wp-content/plugins/elementor/assets/js/webpack.runtime.min.js?ver=3.31.3 HTTP/2.0" 200 5707 "-" "Mozilla/5.0 AppleWebKit/537.36 (KHTML, like Gecko; compatible; GPTBot/1.3; +https://openai.com/gptbot)"
74.7.227.45 - - [14/Dec/2025:10:10:44 -0500] "GET /ar/wp-content/themes/autodeal/fonts/autodeal.woff?muulyf HTTP/2.0" 200 57860 "-" "Mozilla/5.0 AppleWebKit/537.36 (KHTML, like Gecko; compatible; GPTBot/1.3; +https://openai.com/gptbot)"
74.7.227.45 - - [14/Dec/2025:10:10:45 -0500] "GET /ar/franchise/%d8%b0%d8%a7-%d8%b3%d8%aa%d9%81%d8%af-%d8%a8%d8%b1%d8%ac%d8%b1-%d9%83%d9%88/feed/ HTTP/2.0" 200 902 "-" "Mozilla/5.0 AppleWebKit/537.36 (KHTML, like Gecko; compatible; GPTBot/1.3; +https://openai.com/gptbot)"
74.7.227.45 - - [14/Dec/2025:10:10:45 -0500] "GET /ar/wp-content/plugins/elementor/assets/lib/swiper/v8/swiper-bundle.min.js.map HTTP/2.0" 404 110851 "-" "Mozilla/5.0 AppleWebKit/537.36 (KHTML, like Gecko; compatible; GPTBot/1.3; +https://openai.com/gptbot)"
74.7.227.45 - - [14/Dec/2025:10:10:46 -0500] "GET /ar/franchise/%d8%b4%d9%88%d9%83%d9%88%d9%84%d9%8a%d8%b4%d9%88%d8%b2/ HTTP/2.0" 200 174762 "-" "Mozilla/5.0 AppleWebKit/537.36 (KHTML, like Gecko; compatible; GPTBot/1.3; +https://openai.com/gptbot)"
74.7.227.45 - - [14/Dec/2025:10:10:47 -0500] "GET /ar/wp-content/plugins/pro-elements/assets/css/widget-hotspot-rtl.min.css?ver=3.31.2 HTTP/2.0" 200 5554 "-" "Mozilla/5.0 AppleWebKit/537.36 (KHTML, like Gecko; compatible; GPTBot/1.3; +https://openai.com/gptbot)"
74.7.227.45 - - [14/Dec/2025:10:10:47 -0500] "GET /ar/%d9%88%d8%b2%d8%a7%d8%b1%d8%a9-%d8%a7%d9%84%d8%a7%d9%82%d8%aa%d8%b5%d8%a7%d8%af-%d8%aa%d8%b7%d9%84%d9%82-%d8%a8%d8%b1%d9%86%d8%a7%d9%85%d8%ac-scale-up-franchise-%d8%a8%d8%a7%d9%84%d8%aa%d8%b9/feed/ HTTP/2.0" 200 1234 "-" "Mozilla/5.0 AppleWebKit/537.36 (KHTML, like Gecko; compatible; GPTBot/1.3; +https://openai.com/gptbot)"
74.7.227.45 - - [14/Dec/2025:10:10:48 -0500] "GET /ar/wp-content/plugins/pro-elements/assets/css/widget-post-info-rtl.min.css?ver=3.31.2 HTTP/2.0" 200 559 "-" "Mozilla/5.0 AppleWebKit/537.36 (KHTML, like Gecko; compatible; GPTBot/1.3; +https://openai.com/gptbot)"
74.7.227.45 - - [14/Dec/2025:10:10:48 -0500] "GET /ar/wp-content/plugins/tf-car-listing/public/assets/js/advanced-search.js HTTP/2.0" 200 12358 "-" "Mozilla/5.0 AppleWebKit/537.36 (KHTML, like Gecko; compatible; GPTBot/1.3; +https://openai.com/gptbot)"
74.7.227.45 - - [14/Dec/2025:10:10:49 -0500] "GET /ar/wp-json/oembed/1.0/embed?format=xml&url=https%3A%2F%2Femtiyz.com%2Far%2F%25d8%25aa%25d8%25b3%25d8%25ac%25d9%258a%25d9%2584-%25d8%25a7%25d9%2584%25d8%25b9%25d9%2584%25d8%25a7%25d9%2585%25d8%25a7%25d8%25aa-%25d8%25a7%25d9%2584%25d8%25aa%25d8%25ac%25d8%25a7%25d8%25b1%25d9%258a%25d8%25a9%2F HTTP/2.0" 200 2980 "-" "Mozilla/5.0 AppleWebKit/537.36 (KHTML, like Gecko; compatible; GPTBot/1.3; +https://openai.com/gptbot)"
74.7.227.45 - - [14/Dec/2025:10:10:49 -0500] "GET /ar/%d8%a5%d8%af%d8%a7%d8%b1%d8%a9-%d9%88%d8%ad%d8%af%d8%a7%d8%aa-%d8%a7%d9%84%d9%81%d8%b1%d9%86%d8%b4%d8%a7%d9%8a%d8%b2/ HTTP/2.0" 200 126383 "-" "Mozilla/5.0 AppleWebKit/537.36 (KHTML, like Gecko; compatible; GPTBot/1.3; +https://openai.com/gptbot)"
74.7.227.45 - - [14/Dec/2025:10:10:50 -0500] "GET /ar/wp-includes/js/jquery/ui/core.min.js?ver=1.13.3 HTTP/2.0" 200 21464 "-" "Mozilla/5.0 AppleWebKit/537.36 (KHTML, like Gecko; compatible; GPTBot/1.3; +https://openai.com/gptbot)"
74.7.227.45 - - [14/Dec/2025:10:10:51 -0500] "GET /ar/wp-content/uploads/2024/10/Edu.svg HTTP/2.0" 200 40763 "-" "Mozilla/5.0 AppleWebKit/537.36 (KHTML, like Gecko; compatible; GPTBot/1.3; +https://openai.com/gptbot)"
74.7.227.45 - - [14/Dec/2025:10:10:51 -0500] "GET /ar/%d9%88%d8%b2%d8%a7%d8%b1%d8%a9-%d8%a7%d9%84%d8%a7%d9%82%d8%aa%d8%b5%d8%a7%d8%af-%d8%aa%d8%b7%d9%84%d9%82-%d8%a8%d8%b1%d9%86%d8%a7%d9%85%d8%ac%d9%8b%d8%a7-%d9%88%d8%b7%d9%86%d9%8a%d9%8b%d8%a7-%d8%a8/ HTTP/2.0" 200 121622 "-" "Mozilla/5.0 AppleWebKit/537.36 (KHTML, like Gecko; compatible; GPTBot/1.3; +https://openai.com/gptbot)"
74.7.227.45 - - [14/Dec/2025:10:10:52 -0500] "GET /ar/%d8%b9%d8%b5%d8%a7%d9%85-%d9%84%d9%88%d8%aa%d8%a7%d9%87-%d9%8a%d9%8f%d9%83%d8%b1%d9%8e%d9%91%d9%85-%d8%a8%d8%ac%d8%a7%d8%a6%d8%b2%d8%a9-%d8%a7%d9%84%d8%a5%d9%86%d8%ac%d8%a7%d8%b2-%d9%85%d8%af%d9%89/ HTTP/2.0" 200 121637 "-" "Mozilla/5.0 AppleWebKit/537.36 (KHTML, like Gecko; compatible; GPTBot/1.3; +https://openai.com/gptbot)"
74.7.227.45 - - [14/Dec/2025:10:10:53 -0500] "GET /ar/%d8%a7%d9%85%d8%aa%d9%8a%d8%a7%d8%b2-%d9%84%d9%84%d8%a7%d8%b3%d8%aa%d8%b4%d8%a7%d8%b1%d8%a7%d8%aa-%d8%aa%d9%81%d9%88%d8%b2-%d9%84%d9%84%d8%b9%d8%a7%d9%85-%d8%a7%d9%84%d8%ab%d8%a7%d9%86%d9%8a/ HTTP/2.0" 200 120969 "-" "Mozilla/5.0 AppleWebKit/537.36 (KHTML, like Gecko; compatible; GPTBot/1.3; +https://openai.com/gptbot)"
74.7.227.45 - - [14/Dec/2025:10:10:53 -0500] "GET /ar/wp-json/oembed/1.0/embed?format=xml&url=https%3A%2F%2Femtiyz.com%2Far%2Ffranchise%2F%25d8%25b4%25d9%2588%25d9%2583%25d9%2588%25d9%2584%25d9%258a%25d8%25b4%25d9%2588%25d8%25b2%2F HTTP/2.0" 200 2778 "-" "Mozilla/5.0 AppleWebKit/537.36 (KHTML, like Gecko; compatible; GPTBot/1.3; +https://openai.com/gptbot)"
74.7.227.45 - - [14/Dec/2025:10:10:54 -0500] "GET /ar/wp-json/oembed/1.0/embed?url=https%3A%2F%2Femtiyz.com%2Far%2Ffranchise%2F%25d8%25b4%25d9%2588%25d9%2583%25d9%2588%25d9%2584%25d9%258a%25d8%25b4%25d9%2588%25d8%25b2%2F HTTP/2.0" 200 2572 "-" "Mozilla/5.0 AppleWebKit/537.36 (KHTML, like Gecko; compatible; GPTBot/1.3; +https://openai.com/gptbot)"
74.7.227.45 - - [14/Dec/2025:10:10:54 -0500] "GET /ar/wp-content/uploads/elementor/css/post-4512.css?ver=1757176903 HTTP/2.0" 200 20604 "-" "Mozilla/5.0 AppleWebKit/537.36 (KHTML, like Gecko; compatible; GPTBot/1.3; +https://openai.com/gptbot)"
74.7.227.45 - - [14/Dec/2025:10:10:55 -0500] "GET /ar/wp-content/uploads/elementor/css/post-5223.css?ver=1756754731 HTTP/2.0" 200 1494 "-" "Mozilla/5.0 AppleWebKit/537.36 (KHTML, like Gecko; compatible; GPTBot/1.3; +https://openai.com/gptbot)"
74.7.227.45 - - [14/Dec/2025:10:10:55 -0500] "GET /ar/wp-content/uploads/elementor/css/post-2061.css?ver=1763472560 HTTP/2.0" 200 82600 "-" "Mozilla/5.0 AppleWebKit/537.36 (KHTML, like Gecko; compatible; GPTBot/1.3; +https://openai.com/gptbot)"
74.7.227.45 - - [14/Dec/2025:10:10:56 -0500] "GET /ar/wp-content/uploads/elementor/css/post-4550.css?ver=1757147576 HTTP/2.0" 200 21163 "-" "Mozilla/5.0 AppleWebKit/537.36 (KHTML, like Gecko; compatible; GPTBot/1.3; +https://openai.com/gptbot)"
74.7.227.45 - - [14/Dec/2025:10:10:56 -0500] "GET /ar/wp-json/oembed/1.0/embed?format=xml&url=https%3A%2F%2Femtiyz.com%2Far%2F%25d8%25a5%25d8%25af%25d8%25a7%25d8%25b1%25d8%25a9-%25d9%2588%25d8%25ad%25d8%25af%25d8%25a7%25d8%25aa-%25d8%25a7%25d9%2584%25d9%2581%25d8%25b1%25d9%2586%25d8%25b4%25d8%25a7%25d9%258a%25d8%25b2%2F HTTP/2.0" 200 2914 "-" "Mozilla/5.0 AppleWebKit/537.36 (KHTML, like Gecko; compatible; GPTBot/1.3; +https://openai.com/gptbot)"
74.7.227.45 - - [14/Dec/2025:10:10:57 -0500] "GET /ar/wp-json/wp/v2/pages/4607 HTTP/2.0" 200 28000 "-" "Mozilla/5.0 AppleWebKit/537.36 (KHTML, like Gecko; compatible; GPTBot/1.3; +https://openai.com/gptbot)"
74.7.227.45 - - [14/Dec/2025:10:10:58 -0500] "GET /ar/wp-json/wp/v2/posts/4279 HTTP/2.0" 200 9003 "-" "Mozilla/5.0 AppleWebKit/537.36 (KHTML, like Gecko; compatible; GPTBot/1.3; +https://openai.com/gptbot)"
74.7.227.45 - - [14/Dec/2025:10:10:58 -0500] "GET /ar/wp-json/wp/v2/posts/5418 HTTP/2.0" 200 9415 "-" "Mozilla/5.0 AppleWebKit/537.36 (KHTML, like Gecko; compatible; GPTBot/1.3; +https://openai.com/gptbot)"
74.7.227.45 - - [14/Dec/2025:10:10:59 -0500] "GET /ar/wp-json/wp/v2/posts/4287 HTTP/2.0" 200 7380 "-" "Mozilla/5.0 AppleWebKit/537.36 (KHTML, like Gecko; compatible; GPTBot/1.3; +https://openai.com/gptbot)"
74.7.227.45 - - [14/Dec/2025:10:10:59 -0500] "GET /ar/wp-json/oembed/1.0/embed?url=https%3A%2F%2Femtiyz.com%2Far%2F%25d9%2588%25d8%25b2%25d8%25a7%25d8%25b1%25d8%25a9-%25d8%25a7%25d9%2584%25d8%25a7%25d9%2582%25d8%25aa%25d8%25b5%25d8%25a7%25d8%25af-%25d8%25aa%25d8%25b7%25d9%2584%25d9%2582-%25d8%25a8%25d8%25b1%25d9%2586%25d8%25a7%25d9%2585%25d8%25ac%25d9%258b%25d8%25a7-%25d9%2588%25d8%25b7%25d9%2586%25d9%258a%25d9%258b%25d8%25a7-%25d8%25a8%2F HTTP/2.0" 200 4544 "-" "Mozilla/5.0 AppleWebKit/537.36 (KHTML, like Gecko; compatible; GPTBot/1.3; +https://openai.com/gptbot)"
74.7.227.45 - - [14/Dec/2025:10:11:00 -0500] "GET /ar/wp-json/oembed/1.0/embed?url=https%3A%2F%2Femtiyz.com%2Far%2F%25d8%25a7%25d9%2585%25d8%25aa%25d9%258a%25d8%25a7%25d8%25b2-%25d9%2584%25d9%2584%25d8%25a7%25d8%25b3%25d8%25aa%25d8%25b4%25d8%25a7%25d8%25b1%25d8%25a7%25d8%25aa-%25d8%25aa%25d9%2581%25d9%2588%25d8%25b2-%25d9%2584%25d9%2584%25d8%25b9%25d8%25a7%25d9%2585-%25d8%25a7%25d9%2584%25d8%25ab%25d8%25a7%25d9%2586%25d9%258a%2F HTTP/2.0" 200 4398 "-" "Mozilla/5.0 AppleWebKit/537.36 (KHTML, like Gecko; compatible; GPTBot/1.3; +https://openai.com/gptbot)"
74.7.227.45 - - [14/Dec/2025:10:11:00 -0500] "GET /ar/%d8%b9%d8%b5%d8%a7%d9%85-%d9%84%d9%88%d8%aa%d8%a7%d9%87-%d9%8a%d9%8f%d9%83%d8%b1%d9%8e%d9%91%d9%85-%d8%a8%d8%ac%d8%a7%d8%a6%d8%b2%d8%a9-%d8%a7%d9%84%d8%a5%d9%86%d8%ac%d8%a7%d8%b2-%d9%85%d8%af%d9%89/feed/ HTTP/2.0" 200 1247 "-" "Mozilla/5.0 AppleWebKit/537.36 (KHTML, like Gecko; compatible; GPTBot/1.3; +https://openai.com/gptbot)"
74.7.227.45 - - [14/Dec/2025:10:11:01 -0500] "GET /ar/wp-content/uploads/2025/06/GE-Flow-Regular.ttf HTTP/2.0" 200 19908 "-" "Mozilla/5.0 AppleWebKit/537.36 (KHTML, like Gecko; compatible; GPTBot/1.3; +https://openai.com/gptbot)"
74.7.227.45 - - [14/Dec/2025:10:11:01 -0500] "GET /ar/wp-content/uploads/elementor/css/post-4492.css?ver=1757147839 HTTP/2.0" 200 14262 "-" "Mozilla/5.0 AppleWebKit/537.36 (KHTML, like Gecko; compatible; GPTBot/1.3; +https://openai.com/gptbot)"
74.7.227.45 - - [14/Dec/2025:10:11:02 -0500] "GET /ar/wp-content/uploads/elementor/css/post-1792.css?ver=1757092908 HTTP/2.0" 200 6188 "-" "Mozilla/5.0 AppleWebKit/537.36 (KHTML, like Gecko; compatible; GPTBot/1.3; +https://openai.com/gptbot)"
74.7.227.45 - - [14/Dec/2025:10:11:02 -0500] "GET /ar/wp-content/uploads/elementor/css/post-4297.css?ver=1757146171 HTTP/2.0" 200 3480 "-" "Mozilla/5.0 AppleWebKit/537.36 (KHTML, like Gecko; compatible; GPTBot/1.3; +https://openai.com/gptbot)"
74.7.227.45 - - [14/Dec/2025:10:11:03 -0500] "GET /ar/wp-content/uploads/elementor/css/post-4590.css?ver=1757148648 HTTP/2.0" 200 14266 "-" "Mozilla/5.0 AppleWebKit/537.36 (KHTML, like Gecko; compatible; GPTBot/1.3; +https://openai.com/gptbot)"
74.7.227.45 - - [14/Dec/2025:10:11:04 -0500] "GET /ar/wp-content/uploads/elementor/css/post-4607.css?ver=1757226123 HTTP/2.0" 200 22392 "-" "Mozilla/5.0 AppleWebKit/537.36 (KHTML, like Gecko; compatible; GPTBot/1.3; +https://openai.com/gptbot)"
74.7.227.45 - - [14/Dec/2025:10:11:04 -0500] "GET /ar/wp-content/uploads/elementor/css/post-4458.css?ver=1757159547 HTTP/2.0" 200 20797 "-" "Mozilla/5.0 AppleWebKit/537.36 (KHTML, like Gecko; compatible; GPTBot/1.3; +https://openai.com/gptbot)"
74.7.227.45 - - [14/Dec/2025:10:11:05 -0500] "GET /ar/wp-content/uploads/elementor/css/post-1759.css?ver=1757147284 HTTP/2.0" 200 5481 "-" "Mozilla/5.0 AppleWebKit/537.36 (KHTML, like Gecko; compatible; GPTBot/1.3; +https://openai.com/gptbot)"
74.7.227.45 - - [14/Dec/2025:10:11:05 -0500] "GET /ar/wp-content/uploads/elementor/css/post-3795.css?ver=1756735246 HTTP/2.0" 200 10671 "-" "Mozilla/5.0 AppleWebKit/537.36 (KHTML, like Gecko; compatible; GPTBot/1.3; +https://openai.com/gptbot)"
74.7.227.45 - - [14/Dec/2025:10:11:06 -0500] "GET /ar/wp-content/plugins/tf-car-listing/public/assets/css/author.css?ver=6.9 HTTP/2.0" 200 8897 "-" "Mozilla/5.0 AppleWebKit/537.36 (KHTML, like Gecko; compatible; GPTBot/1.3; +https://openai.com/gptbot)"
74.7.227.45 - - [14/Dec/2025:10:11:06 -0500] "GET /ar/my-favorite/ HTTP/2.0" 200 114714 "-" "Mozilla/5.0 AppleWebKit/537.36 (KHTML, like Gecko; compatible; GPTBot/1.3; +https://openai.com/gptbot)"
74.7.227.45 - - [14/Dec/2025:10:11:07 -0500] "GET /ar/wp-content/plugins/tf-car-listing/public/assets/js/jquery.validate.min.js HTTP/2.0" 200 24604 "-" "Mozilla/5.0 AppleWebKit/537.36 (KHTML, like Gecko; compatible; GPTBot/1.3; +https://openai.com/gptbot)"
74.7.227.45 - - [14/Dec/2025:10:11:07 -0500] "GET /ar/wp-content/plugins/tf-car-listing/includes/elementor-widget/assets/css/listing.css?ver=6.9 HTTP/2.0" 200 42426 "-" "Mozilla/5.0 AppleWebKit/537.36 (KHTML, like Gecko; compatible; GPTBot/1.3; +https://openai.com/gptbot)"
74.7.227.45 - - [14/Dec/2025:10:11:08 -0500] "GET /ar/wp-content/plugins/tf-car-listing/public/assets/css/single-listing.css?ver=6.9 HTTP/2.0" 200 49209 "-" "Mozilla/5.0 AppleWebKit/537.36 (KHTML, like Gecko; compatible; GPTBot/1.3; +https://openai.com/gptbot)"
74.7.227.45 - - [14/Dec/2025:10:11:08 -0500] "GET /ar/make/%d9%82%d8%b7%d8%a7%d8%b9-%d8%a7%d9%84%d8%aa%d8%ac%d9%85%d9%8a%d9%84/ HTTP/2.0" 200 167413 "-" "Mozilla/5.0 AppleWebKit/537.36 (KHTML, like Gecko; compatible; GPTBot/1.3; +https://openai.com/gptbot)"
74.7.227.45 - - [14/Dec/2025:10:11:09 -0500] "GET /ar/dealer/jones-stonie/feed/ HTTP/2.0" 200 1219 "-" "Mozilla/5.0 AppleWebKit/537.36 (KHTML, like Gecko; compatible; GPTBot/1.3; +https://openai.com/gptbot)"
50.6.4.141 - - [14/Dec/2025:10:11:11 -0500] "POST /wp-cron.php?doing_wp_cron=1765725071.0853819847106933593750 HTTP/1.1" 200 - "-" "WordPress/6.9; https://emtiyz.com"
74.7.227.45 - - [14/Dec/2025:10:11:10 -0500] "GET /advanced-search/ HTTP/2.0" 200 321958 "-" "Mozilla/5.0 AppleWebKit/537.36 (KHTML, like Gecko; compatible; GPTBot/1.3; +https://openai.com/gptbot)"
74.7.227.45 - - [14/Dec/2025:10:11:12 -0500] "GET /ar/make/%d9%82%d8%b7%d8%a7%d8%b9-%d8%a7%d9%84%d8%aa%d8%b1%d9%81%d9%8a%d9%87/ HTTP/2.0" 200 141081 "-" "Mozilla/5.0 AppleWebKit/537.36 (KHTML, like Gecko; compatible; GPTBot/1.3; +https://openai.com/gptbot)"
74.7.227.45 - - [14/Dec/2025:10:11:12 -0500] "GET /ar/wp-content/plugins/themesflat-core/assets/css/partner/tf-partner.css?ver=6.9 HTTP/2.0" 200 3246 "-" "Mozilla/5.0 AppleWebKit/537.36 (KHTML, like Gecko; compatible; GPTBot/1.3; +https://openai.com/gptbot)"
74.7.227.45 - - [14/Dec/2025:10:11:13 -0500] "GET /ar/wp-content/plugins/tf-car-listing/public/assets/css/form-custom.css?ver=6.9 HTTP/2.0" 200 26107 "-" "Mozilla/5.0 AppleWebKit/537.36 (KHTML, like Gecko; compatible; GPTBot/1.3; +https://openai.com/gptbot)"
74.7.227.45 - - [14/Dec/2025:10:11:14 -0500] "GET /ar/wp-content/plugins/tf-car-listing/public/assets/third-party/light-gallery/fonts/lg.woff?n1z373 HTTP/2.0" 200 4832 "-" "Mozilla/5.0 AppleWebKit/537.36 (KHTML, like Gecko; compatible; GPTBot/1.3; +https://openai.com/gptbot)"
74.7.227.45 - - [14/Dec/2025:10:11:14 -0500] "GET /ar/wp-login.php?_wpnonce=fd05679367&action=logout&redirect_to=https%3A%2F%2Femtiyz.com%2Far%2Fmy-favorite%2F HTTP/2.0" 302 - "-" "Mozilla/5.0 AppleWebKit/537.36 (KHTML, like Gecko; compatible; GPTBot/1.3; +https://openai.com/gptbot)"
74.7.227.45 - - [14/Dec/2025:10:11:14 -0500] "GET /ar/my-favorite/ HTTP/2.0" 200 114714 "-" "Mozilla/5.0 AppleWebKit/537.36 (KHTML, like Gecko; compatible; GPTBot/1.3; +https://openai.com/gptbot)"
74.7.227.45 - - [14/Dec/2025:10:11:15 -0500] "GET /ar/wp-content/plugins/tf-car-listing/public/assets/js/dashboard.js HTTP/2.0" 200 8773 "-" "Mozilla/5.0 AppleWebKit/537.36 (KHTML, like Gecko; compatible; GPTBot/1.3; +https://openai.com/gptbot)"
50.6.4.141 - - [14/Dec/2025:10:11:17 -0500] "POST /ar/wp-cron.php?doing_wp_cron=1765725077.0974891185760498046875 HTTP/1.1" 200 - "-" "WordPress/6.9; https://emtiyz.com/ar"
74.7.227.45 - - [14/Dec/2025:10:11:16 -0500] "GET /ar/my-profile/ HTTP/2.0" 200 114904 "-" "Mozilla/5.0 AppleWebKit/537.36 (KHTML, like Gecko; compatible; GPTBot/1.3; +https://openai.com/gptbot)"
74.7.227.45 - - [14/Dec/2025:10:11:17 -0500] "GET /ar/package-list/ HTTP/2.0" 200 120658 "-" "Mozilla/5.0 AppleWebKit/537.36 (KHTML, like Gecko; compatible; GPTBot/1.3; +https://openai.com/gptbot)"
74.7.227.45 - - [14/Dec/2025:10:11:18 -0500] "GET /ar/wp-json/oembed/1.0/embed?url=https%3A%2F%2Femtiyz.com%2Far%2Fmy-favorite%2F HTTP/2.0" 200 2188 "-" "Mozilla/5.0 AppleWebKit/537.36 (KHTML, like Gecko; compatible; GPTBot/1.3; +https://openai.com/gptbot)"
74.7.227.45 - - [14/Dec/2025:10:11:18 -0500] "GET /ar/make/%d9%82%d8%b7%d8%a7%d8%b9-%d8%a7%d9%84%d8%aa%d8%ac%d9%85%d9%8a%d9%84/feed/ HTTP/2.0" 200 4344 "-" "Mozilla/5.0 AppleWebKit/537.36 (KHTML, like Gecko; compatible; GPTBot/1.3; +https://openai.com/gptbot)"
74.7.227.45 - - [14/Dec/2025:10:11:19 -0500] "GET /ar/wp-content/plugins/tf-car-listing/public/assets/third-party/chart/js/chart.js HTTP/2.0" 200 248016 "-" "Mozilla/5.0 AppleWebKit/537.36 (KHTML, like Gecko; compatible; GPTBot/1.3; +https://openai.com/gptbot)"
74.7.227.45 - - [14/Dec/2025:10:11:19 -0500] "GET /ar/wp-json/oembed/1.0/embed?format=xml&url=https%3A%2F%2Femtiyz.com%2Far%2Fmy-favorite%2F HTTP/2.0" 200 2332 "-" "Mozilla/5.0 AppleWebKit/537.36 (KHTML, like Gecko; compatible; GPTBot/1.3; +https://openai.com/gptbot)"
74.7.227.45 - - [14/Dec/2025:10:11:20 -0500] "GET /ar/wp-content/plugins/tf-car-listing/public/assets/css/dashboard.css?ver=6.9 HTTP/2.0" 200 22838 "-" "Mozilla/5.0 AppleWebKit/537.36 (KHTML, like Gecko; compatible; GPTBot/1.3; +https://openai.com/gptbot)"
74.7.227.45 - - [14/Dec/2025:10:11:20 -0500] "GET /ar/new-listing/ HTTP/2.0" 200 116700 "-" "Mozilla/5.0 AppleWebKit/537.36 (KHTML, like Gecko; compatible; GPTBot/1.3; +https://openai.com/gptbot)"
74.7.227.45 - - [14/Dec/2025:10:11:21 -0500] "GET /ar/%d9%86%d8%ac%d8%a7%d8%ad-%d9%85%d8%b4%d8%aa%d8%b1%d9%83-%d9%85%d8%b9-%d8%a7%d9%85%d8%aa%d9%8a%d8%a7%d8%b2-%d9%81%d9%8a-%d9%87%d8%b0%d9%87-%d8%a7%d9%84%d8%ac%d8%a7%d8%a6%d8%b2%d8%a9/feed/ HTTP/2.0" 200 1129 "-" "Mozilla/5.0 AppleWebKit/537.36 (KHTML, like Gecko; compatible; GPTBot/1.3; +https://openai.com/gptbot)"
74.7.227.45 - - [14/Dec/2025:10:11:22 -0500] "GET /ar/wp-json/oembed/1.0/embed?url=https%3A%2F%2Femtiyz.com%2Far%2Fblog%2F HTTP/2.0" 200 2267 "-" "Mozilla/5.0 AppleWebKit/537.36 (KHTML, like Gecko; compatible; GPTBot/1.3; +https://openai.com/gptbot)"
74.7.227.45 - - [14/Dec/2025:10:11:22 -0500] "GET /ar/book-an-appointment/ HTTP/2.0" 200 109497 "-" "Mozilla/5.0 AppleWebKit/537.36 (KHTML, like Gecko; compatible; GPTBot/1.3; +https://openai.com/gptbot)"
74.7.227.45 - - [14/Dec/2025:10:11:23 -0500] "GET /ar/wp-content/plugins/tf-car-listing/public/assets/css/shortcode-listing.css?ver=6.9 HTTP/2.0" 200 24256 "-" "Mozilla/5.0 AppleWebKit/537.36 (KHTML, like Gecko; compatible; GPTBot/1.3; +https://openai.com/gptbot)"
74.7.227.45 - - [14/Dec/2025:10:11:24 -0500] "GET /ar/wp-json/oembed/1.0/embed?format=xml&url=https%3A%2F%2Femtiyz.com%2Far%2Fpackage-list%2F HTTP/2.0" 200 2337 "-" "Mozilla/5.0 AppleWebKit/537.36 (KHTML, like Gecko; compatible; GPTBot/1.3; +https://openai.com/gptbot)"
74.7.227.45 - - [14/Dec/2025:10:11:24 -0500] "GET /ar/payment-invoice/?package_id=2621 HTTP/2.0" 200 114738 "-" "Mozilla/5.0 AppleWebKit/537.36 (KHTML, like Gecko; compatible; GPTBot/1.3; +https://openai.com/gptbot)"
74.7.227.45 - - [14/Dec/2025:10:11:25 -0500] "GET /ar/wp-login.php?_wpnonce=fd05679367&action=logout&redirect_to=https%3A%2F%2Femtiyz.com%2Far%2Fpackage-list%2F HTTP/2.0" 302 - "-" "Mozilla/5.0 AppleWebKit/537.36 (KHTML, like Gecko; compatible; GPTBot/1.3; +https://openai.com/gptbot)"
50.6.4.141 - - [14/Dec/2025:10:11:26 -0500] "POST /wp-cron.php?doing_wp_cron=1765725086.9040589332580566406250 HTTP/1.1" 200 - "-" "WordPress/6.9; https://emtiyz.com"
74.7.227.45 - - [14/Dec/2025:10:11:26 -0500] "GET /ar/package-list/ HTTP/2.0" 200 120658 "-" "Mozilla/5.0 AppleWebKit/537.36 (KHTML, like Gecko; compatible; GPTBot/1.3; +https://openai.com/gptbot)"
64.226.73.132 - - [14/Dec/2025:10:11:26 -0500] "GET /ab2g HTTP/1.1" 404 103303 "-" "Mozilla/5.0 zgrab/0.x"
74.7.227.45 - - [14/Dec/2025:10:11:27 -0500] "GET /ar/payment-invoice/?package_id=2619 HTTP/2.0" 200 114738 "-" "Mozilla/5.0 AppleWebKit/537.36 (KHTML, like Gecko; compatible; GPTBot/1.3; +https://openai.com/gptbot)"
74.7.227.45 - - [14/Dec/2025:10:11:28 -0500] "GET /ar/wp-content/plugins/themesflat-core/assets/css/pricetable/tf-pricetable.css?ver=6.9 HTTP/2.0" 200 4994 "-" "Mozilla/5.0 AppleWebKit/537.36 (KHTML, like Gecko; compatible; GPTBot/1.3; +https://openai.com/gptbot)"
64.226.73.132 - - [14/Dec/2025:10:11:27 -0500] "GET /ab2h HTTP/1.1" 404 103303 "-" "Mozilla/5.0 zgrab/0.x"
74.7.227.45 - - [14/Dec/2025:10:11:29 -0500] "GET /ar/wp-json/oembed/1.0/embed?url=https%3A%2F%2Femtiyz.com%2Far%2Fpackage-list%2F HTTP/2.0" 200 2193 "-" "Mozilla/5.0 AppleWebKit/537.36 (KHTML, like Gecko; compatible; GPTBot/1.3; +https://openai.com/gptbot)"
74.7.227.45 - - [14/Dec/2025:10:11:31 -0500] "GET /ar/wp-content/plugins/tf-car-listing/public/assets/third-party/select2/css/select2.min.css HTTP/2.0" 200 14950 "-" "Mozilla/5.0 AppleWebKit/537.36 (KHTML, like Gecko; compatible; GPTBot/1.3; +https://openai.com/gptbot)"
74.7.227.45 - - [14/Dec/2025:10:11:31 -0500] "GET /ar/wp-json/wp/v2/pages/137 HTTP/2.0" 200 1947 "-" "Mozilla/5.0 AppleWebKit/537.36 (KHTML, like Gecko; compatible; GPTBot/1.3; +https://openai.com/gptbot)"
64.226.73.132 - - [14/Dec/2025:10:11:30 -0500] "GET /alive.php HTTP/1.1" 404 103333 "-" "Mozilla/5.0 (Windows NT 10.0; Win64; x64) AppleWebKit/537.36 (KHTML, like Gecko) Chrome/108.0.0.0 Safari/537.36"
74.7.227.45 - - [14/Dec/2025:10:11:34 -0500] "GET /ar/wp-content/plugins/tf-car-listing/public/assets/js/map-box.js?ver=6.9 HTTP/2.0" 200 8878 "-" "Mozilla/5.0 AppleWebKit/537.36 (KHTML, like Gecko; compatible; GPTBot/1.3; +https://openai.com/gptbot)"
74.7.227.45 - - [14/Dec/2025:10:11:34 -0500] "GET /ar/wp-json/oembed/1.0/embed?format=xml&url=https%3A%2F%2Femtiyz.com%2Far%2Fnew-listing%2F HTTP/2.0" 200 2332 "-" "Mozilla/5.0 AppleWebKit/537.36 (KHTML, like Gecko; compatible; GPTBot/1.3; +https://openai.com/gptbot)"
74.7.227.45 - - [14/Dec/2025:10:11:36 -0500] "GET /ar/wp-json/oembed/1.0/embed?format=xml&url=https%3A%2F%2Femtiyz.com%2Far%2Fbook-an-appointment%2F HTTP/2.0" 200 2372 "-" "Mozilla/5.0 AppleWebKit/537.36 (KHTML, like Gecko; compatible; GPTBot/1.3; +https://openai.com/gptbot)"
64.226.73.132 - - [14/Dec/2025:10:11:36 -0500] "GET / HTTP/1.0" 301 - "-" "-"
74.7.227.45 - - [14/Dec/2025:10:11:36 -0500] "GET /ar/wp-json/oembed/1.0/embed?url=https%3A%2F%2Femtiyz.com%2Far%2Fbook-an-appointment%2F HTTP/2.0" 200 2228 "-" "Mozilla/5.0 AppleWebKit/537.36 (KHTML, like Gecko; compatible; GPTBot/1.3; +https://openai.com/gptbot)"
74.7.227.45 - - [14/Dec/2025:10:11:37 -0500] "GET /ar/wp-json/wp/v2/pages/5389 HTTP/2.0" 200 2358 "-" "Mozilla/5.0 AppleWebKit/537.36 (KHTML, like Gecko; compatible; GPTBot/1.3; +https://openai.com/gptbot)"
64.226.73.132 - - [14/Dec/2025:10:11:37 -0500] "GET / HTTP/1.1" 301 - "-" "Mozilla/5.0 (Windows NT 10.0; Win64; x64) AppleWebKit/537.36 (KHTML, like Gecko) Chrome/108.0.0.0 Safari/537.36"
74.7.227.45 - - [14/Dec/2025:10:11:37 -0500] "GET /ar/wp-json/oembed/1.0/embed?url=https%3A%2F%2Femtiyz.com%2Far%2Fpayment-invoice%2F HTTP/2.0" 200 2208 "-" "Mozilla/5.0 AppleWebKit/537.36 (KHTML, like Gecko; compatible; GPTBot/1.3; +https://openai.com/gptbot)"
74.7.227.45 - - [14/Dec/2025:10:11:38 -0500] "GET /ar/wp-json/wp/v2/pages/157 HTTP/2.0" 200 1959 "-" "Mozilla/5.0 AppleWebKit/537.36 (KHTML, like Gecko; compatible; GPTBot/1.3; +https://openai.com/gptbot)"
64.226.73.132 - - [14/Dec/2025:10:11:38 -0500] "GET / HTTP/1.1" 200 375271 "https://50.6.4.141/" "Mozilla/5.0 (Windows NT 10.0; Win64; x64) AppleWebKit/537.36 (KHTML, like Gecko) Chrome/108.0.0.0 Safari/537.36"
74.7.227.45 - - [14/Dec/2025:10:11:39 -0500] "GET /ar/?p=133 HTTP/2.0" 301 - "-" "Mozilla/5.0 AppleWebKit/537.36 (KHTML, like Gecko; compatible; GPTBot/1.3; +https://openai.com/gptbot)"
74.7.227.45 - - [14/Dec/2025:10:11:39 -0500] "GET /ar/my-profile/ HTTP/2.0" 200 114904 "-" "Mozilla/5.0 AppleWebKit/537.36 (KHTML, like Gecko; compatible; GPTBot/1.3; +https://openai.com/gptbot)"
64.226.73.132 - - [14/Dec/2025:10:11:40 -0500] "GET / HTTP/1.1" 301 - "-" "Mozilla/5.0 (Windows NT 10.0; Win64; x64) AppleWebKit/537.36 (KHTML, like Gecko) Chrome/108.0.0.0 Safari/537.36"
74.7.227.45 - - [14/Dec/2025:10:11:40 -0500] "GET /ar/?p=155 HTTP/2.0" 301 - "-" "Mozilla/5.0 AppleWebKit/537.36 (KHTML, like Gecko; compatible; GPTBot/1.3; +https://openai.com/gptbot)"
74.7.227.45 - - [14/Dec/2025:10:11:41 -0500] "GET /ar/package-list/ HTTP/2.0" 200 120658 "-" "Mozilla/5.0 AppleWebKit/537.36 (KHTML, like Gecko; compatible; GPTBot/1.3; +https://openai.com/gptbot)"
64.226.73.132 - - [14/Dec/2025:10:11:40 -0500] "GET / HTTP/1.1" 200 375271 "https://50.6.4.141/" "Mozilla/5.0 (Windows NT 10.0; Win64; x64) AppleWebKit/537.36 (KHTML, like Gecko) Chrome/108.0.0.0 Safari/537.36"
74.7.227.45 - - [14/Dec/2025:10:11:42 -0500] "GET /ar/wp-login.php?_wpnonce=fd05679367&action=logout&redirect_to=https%3A%2F%2Femtiyz.com%2Far%2Fmy-profile%2F HTTP/2.0" 302 - "-" "Mozilla/5.0 AppleWebKit/537.36 (KHTML, like Gecko; compatible; GPTBot/1.3; +https://openai.com/gptbot)"
74.7.227.45 - - [14/Dec/2025:10:11:42 -0500] "GET /ar/my-profile/ HTTP/2.0" 200 114904 "-" "Mozilla/5.0 AppleWebKit/537.36 (KHTML, like Gecko; compatible; GPTBot/1.3; +https://openai.com/gptbot)"
64.226.73.132 - - [14/Dec/2025:10:11:42 -0500] "GET / HTTP/1.0" 301 - "-" "-"
74.7.227.45 - - [14/Dec/2025:10:11:43 -0500] "GET /ar/payment-invoice/?package_id=163 HTTP/2.0" 200 114738 "-" "Mozilla/5.0 AppleWebKit/537.36 (KHTML, like Gecko; compatible; GPTBot/1.3; +https://openai.com/gptbot)"
64.226.73.132 - - [14/Dec/2025:10:11:43 -0500] "GET /t4 HTTP/1.1" 404 103291 "-" "Mozilla/5.0"
74.7.227.45 - - [14/Dec/2025:10:11:45 -0500] "GET /ar/wp-login.php?_wpnonce=fd05679367&action=logout&redirect_to=https%3A%2F%2Femtiyz.com%2Far%2Fpayment-invoice%2F HTTP/2.0" 302 - "-" "Mozilla/5.0 AppleWebKit/537.36 (KHTML, like Gecko; compatible; GPTBot/1.3; +https://openai.com/gptbot)"
64.226.73.132 - - [14/Dec/2025:10:11:45 -0500] "GET / HTTP/1.0" 301 - "-" "-"
74.7.227.45 - - [14/Dec/2025:10:11:45 -0500] "GET /ar/payment-invoice/ HTTP/2.0" 200 114738 "-" "Mozilla/5.0 AppleWebKit/537.36 (KHTML, like Gecko; compatible; GPTBot/1.3; +https://openai.com/gptbot)"
74.7.227.45 - - [14/Dec/2025:10:11:46 -0500] "GET /ar/wp-json/oembed/1.0/embed?format=xml&url=https%3A%2F%2Femtiyz.com%2Far%2Fpayment-invoice%2F HTTP/2.0" 200 2352 "-" "Mozilla/5.0 AppleWebKit/537.36 (KHTML, like Gecko; compatible; GPTBot/1.3; +https://openai.com/gptbot)"
64.226.73.132 - - [14/Dec/2025:10:11:46 -0500] "GET /favicon.ico HTTP/1.1" 302 - "-" "Mozilla/5.0 (Windows NT 10.0; Win64; x64) AppleWebKit/537.36 (KHTML, like Gecko) Chrome/108.0.0.0 Safari/537.36"
74.7.227.45 - - [14/Dec/2025:10:11:47 -0500] "GET /ar/wp-json/oembed/1.0/embed?format=xml&url=https%3A%2F%2Femtiyz.com%2Far%2Fmy-profile%2F HTTP/2.0" 200 2327 "-" "Mozilla/5.0 AppleWebKit/537.36 (KHTML, like Gecko; compatible; GPTBot/1.3; +https://openai.com/gptbot)"
74.7.227.45 - - [14/Dec/2025:10:11:47 -0500] "GET /ar/wp-content/uploads/elementor/css/post-5389.css?ver=1756735265 HTTP/2.0" 200 688 "-" "Mozilla/5.0 AppleWebKit/537.36 (KHTML, like Gecko; compatible; GPTBot/1.3; +https://openai.com/gptbot)"
64.226.73.132 - - [14/Dec/2025:10:11:47 -0500] "GET / HTTP/1.1" 301 - "-" "Mozilla/4.0 (compatible; MSIE 9.0; Windows NT 10.0; .NET4.0C; .NET4.0E; .NET CLR 2.0.50727; .NET CLR 3.0.30729; .NET CLR 3.5.30729)"
74.7.227.45 - - [14/Dec/2025:10:11:48 -0500] "GET /ar/wp-content/plugins/tf-car-listing/public/assets/third-party/select2/js/select2.full.min.js HTTP/2.0" 200 76272 "-" "Mozilla/5.0 AppleWebKit/537.36 (KHTML, like Gecko; compatible; GPTBot/1.3; +https://openai.com/gptbot)"
64.226.73.132 - - [14/Dec/2025:10:11:48 -0500] "GET /teorema505?t=1 HTTP/1.1" 404 103339 "-" "Mozilla/5.0 (Windows NT 10.0; Win64; x64) AppleWebKit/537.36 (KHTML, like Gecko) Chrome/108.0.0.0 Safari/537.36"
74.7.227.45 - - [14/Dec/2025:10:11:48 -0500] "GET /ar/payment-invoice/ HTTP/2.0" 200 114738 "-" "Mozilla/5.0 AppleWebKit/537.36 (KHTML, like Gecko; compatible; GPTBot/1.3; +https://openai.com/gptbot)"
74.7.227.45 - - [14/Dec/2025:10:11:49 -0500] "GET /ar/franchise/page/2/?paged=2 HTTP/2.0" 301 - "-" "Mozilla/5.0 AppleWebKit/537.36 (KHTML, like Gecko; compatible; GPTBot/1.3; +https://openai.com/gptbot)"
74.7.227.45 - - [14/Dec/2025:10:11:49 -0500] "GET /ar/franchise/page/2/ HTTP/2.0" 200 153433 "-" "Mozilla/5.0 AppleWebKit/537.36 (KHTML, like Gecko; compatible; GPTBot/1.3; +https://openai.com/gptbot)"
74.7.227.45 - - [14/Dec/2025:10:11:50 -0500] "GET /ar/body/%d8%a7%d9%85%d8%aa%d9%8a%d8%a7%d8%b2-%d8%a7%d9%82%d8%aa%d8%b5%d8%a7%d8%af%d9%8a/?paged=2 HTTP/2.0" 301 - "-" "Mozilla/5.0 AppleWebKit/537.36 (KHTML, like Gecko; compatible; GPTBot/1.3; +https://openai.com/gptbot)"
74.7.227.45 - - [14/Dec/2025:10:11:51 -0500] "GET /ar/body/%d8%a7%d9%85%d8%aa%d9%8a%d8%a7%d8%b2-%d8%a7%d9%82%d8%aa%d8%b5%d8%a7%d8%af%d9%8a/page/2/ HTTP/2.0" 200 153550 "-" "Mozilla/5.0 AppleWebKit/537.36 (KHTML, like Gecko; compatible; GPTBot/1.3; +https://openai.com/gptbot)"
74.7.227.45 - - [14/Dec/2025:10:11:52 -0500] "GET /ar/wp-content/plugins/tf-car-listing/public/assets/css/shortcode-saved-advanced-search.css?ver=6.9 HTTP/2.0" 200 444 "-" "Mozilla/5.0 AppleWebKit/537.36 (KHTML, like Gecko; compatible; GPTBot/1.3; +https://openai.com/gptbot)"
74.7.227.45 - - [14/Dec/2025:10:11:52 -0500] "GET /ar/wp-json/oembed/1.0/embed?format=xml&url=https%3A%2F%2Femtiyz.com%2Far%2Fdealer%2Flanna-sio%2F HTTP/2.0" 200 2505 "-" "Mozilla/5.0 AppleWebKit/537.36 (KHTML, like Gecko; compatible; GPTBot/1.3; +https://openai.com/gptbot)"
74.7.227.45 - - [14/Dec/2025:10:11:53 -0500] "GET /ar/wp-content/plugins/contact-form-7/includes/css/styles-rtl.css?ver=6.1.1 HTTP/2.0" 200 152 "-" "Mozilla/5.0 AppleWebKit/537.36 (KHTML, like Gecko; compatible; GPTBot/1.3; +https://openai.com/gptbot)"
74.7.227.45 - - [14/Dec/2025:10:11:53 -0500] "GET /ar/franchise/%d8%b3%d8%aa%d8%a7%d9%8a%d9%84%d8%b1/ HTTP/2.0" 200 173744 "-" "Mozilla/5.0 AppleWebKit/537.36 (KHTML, like Gecko; compatible; GPTBot/1.3; +https://openai.com/gptbot)"
74.7.227.45 - - [14/Dec/2025:10:11:54 -0500] "GET /ar/wp-json/oembed/1.0/embed?url=https%3A%2F%2Femtiyz.com%2Far%2Ffranchise%2F%25d8%25af%25d8%25a7%25d9%2586%25d9%2588%25d8%25a8-%25d9%2587%25d9%2588%25d9%2585%2F HTTP/2.0" 200 2549 "-" "Mozilla/5.0 AppleWebKit/537.36 (KHTML, like Gecko; compatible; GPTBot/1.3; +https://openai.com/gptbot)"
74.7.227.45 - - [14/Dec/2025:10:11:55 -0500] "GET /ar/%d8%aa%d8%b5%d9%85%d9%8a%d9%85-%d8%a7%d9%84%d9%87%d9%88%d9%8a%d8%a9-%d8%a7%d9%84%d9%85%d8%a4%d8%b3%d8%b3%d9%8a%d8%a9/ HTTP/2.0" 200 125783 "-" "Mozilla/5.0 AppleWebKit/537.36 (KHTML, like Gecko; compatible; GPTBot/1.3; +https://openai.com/gptbot)"
74.7.227.45 - - [14/Dec/2025:10:11:56 -0500] "GET /franchise/page/4/ HTTP/2.0" 200 133576 "-" "Mozilla/5.0 AppleWebKit/537.36 (KHTML, like Gecko; compatible; GPTBot/1.3; +https://openai.com/gptbot)"
74.7.227.45 - - [14/Dec/2025:10:11:57 -0500] "GET /ar/franchise/%d9%8a%d8%b3-%d9%88%d9%8a-%d9%81%d9%83%d8%b3/ HTTP/2.0" 200 174052 "-" "Mozilla/5.0 AppleWebKit/537.36 (KHTML, like Gecko; compatible; GPTBot/1.3; +https://openai.com/gptbot)"
74.7.227.45 - - [14/Dec/2025:10:11:58 -0500] "GET /ar/make/%d9%82%d8%b7%d8%a7%d8%b9-%d8%b5%d9%86%d8%a7%d8%b9%d9%8a/ HTTP/2.0" 200 152848 "-" "Mozilla/5.0 AppleWebKit/537.36 (KHTML, like Gecko; compatible; GPTBot/1.3; +https://openai.com/gptbot)"
74.7.227.45 - - [14/Dec/2025:10:11:58 -0500] "GET /ar/body/%d8%a7%d9%85%d8%aa%d9%8a%d8%a7%d8%b2-%d8%a7%d9%82%d8%aa%d8%b5%d8%a7%d8%af%d9%8a/page/2/?paged=2 HTTP/2.0" 301 - "-" "Mozilla/5.0 AppleWebKit/537.36 (KHTML, like Gecko; compatible; GPTBot/1.3; +https://openai.com/gptbot)"
74.7.227.45 - - [14/Dec/2025:10:11:59 -0500] "GET /ar/body/%d8%a7%d9%85%d8%aa%d9%8a%d8%a7%d8%b2-%d8%a7%d9%82%d8%aa%d8%b5%d8%a7%d8%af%d9%8a/page/2/ HTTP/2.0" 200 153550 "-" "Mozilla/5.0 AppleWebKit/537.36 (KHTML, like Gecko; compatible; GPTBot/1.3; +https://openai.com/gptbot)"
74.7.227.45 - - [14/Dec/2025:10:12:00 -0500] "GET /ar/body/%d8%a7%d9%85%d8%aa%d9%8a%d8%a7%d8%b2-%d8%a7%d9%82%d8%aa%d8%b5%d8%a7%d8%af%d9%8a/page/2/ HTTP/2.0" 200 153550 "-" "Mozilla/5.0 AppleWebKit/537.36 (KHTML, like Gecko; compatible; GPTBot/1.3; +https://openai.com/gptbot)"
74.7.227.45 - - [14/Dec/2025:10:12:00 -0500] "GET /ar/%d8%a5%d8%af%d8%a7%d8%b1%d8%a9-%d8%b5%d9%81%d9%82%d8%a7%d8%aa-%d8%a7%d9%84%d9%81%d8%b1%d9%86%d8%b4%d8%a7%d9%8a%d8%b2/ HTTP/2.0" 200 127232 "-" "Mozilla/5.0 AppleWebKit/537.36 (KHTML, like Gecko; compatible; GPTBot/1.3; +https://openai.com/gptbot)"
74.7.227.45 - - [14/Dec/2025:10:12:01 -0500] "GET /ar/dashboard/ HTTP/2.0" 200 114700 "-" "Mozilla/5.0 AppleWebKit/537.36 (KHTML, like Gecko; compatible; GPTBot/1.3; +https://openai.com/gptbot)"
74.7.227.45 - - [14/Dec/2025:10:12:02 -0500] "GET /ar/franchise/%d8%b3%d8%aa%d8%a7%d9%8a%d9%84%d8%b1/feed/ HTTP/2.0" 200 809 "-" "Mozilla/5.0 AppleWebKit/537.36 (KHTML, like Gecko; compatible; GPTBot/1.3; +https://openai.com/gptbot)"
74.7.227.45 - - [14/Dec/2025:10:12:02 -0500] "GET /ar/wp-json/oembed/1.0/embed?url=https%3A%2F%2Femtiyz.com%2Far%2Ffranchise%2F%25d8%25b3%25d8%25aa%25d8%25a7%25d9%258a%25d9%2584%25d8%25b1%2F HTTP/2.0" 200 2484 "-" "Mozilla/5.0 AppleWebKit/537.36 (KHTML, like Gecko; compatible; GPTBot/1.3; +https://openai.com/gptbot)"
74.7.227.45 - - [14/Dec/2025:10:12:03 -0500] "GET /ar/wp-json/wp/v2/pages/4533 HTTP/2.0" 200 27508 "-" "Mozilla/5.0 AppleWebKit/537.36 (KHTML, like Gecko; compatible; GPTBot/1.3; +https://openai.com/gptbot)"
74.7.227.45 - - [14/Dec/2025:10:12:04 -0500] "GET /ar/wp-json/oembed/1.0/embed?format=xml&url=https%3A%2F%2Femtiyz.com%2Far%2F%25d8%25aa%25d8%25b5%25d9%2585%25d9%258a%25d9%2585-%25d8%25a7%25d9%2584%25d9%2587%25d9%2588%25d9%258a%25d8%25a9-%25d8%25a7%25d9%2584%25d9%2585%25d8%25a4%25d8%25b3%25d8%25b3%25d9%258a%25d8%25a9%2F HTTP/2.0" 200 2914 "-" "Mozilla/5.0 AppleWebKit/537.36 (KHTML, like Gecko; compatible; GPTBot/1.3; +https://openai.com/gptbot)"
74.7.227.45 - - [14/Dec/2025:10:12:04 -0500] "GET /ar/?p=4533 HTTP/2.0" 301 - "-" "Mozilla/5.0 AppleWebKit/537.36 (KHTML, like Gecko; compatible; GPTBot/1.3; +https://openai.com/gptbot)"
74.7.227.45 - - [14/Dec/2025:10:12:05 -0500] "GET /ar/%d8%aa%d8%b5%d9%85%d9%8a%d9%85-%d8%a7%d9%84%d9%87%d9%88%d9%8a%d8%a9-%d8%a7%d9%84%d9%85%d8%a4%d8%b3%d8%b3%d9%8a%d8%a9/ HTTP/2.0" 200 125783 "-" "Mozilla/5.0 AppleWebKit/537.36 (KHTML, like Gecko; compatible; GPTBot/1.3; +https://openai.com/gptbot)"
74.7.227.45 - - [14/Dec/2025:10:12:05 -0500] "GET /ar/?p=4888 HTTP/2.0" 301 - "-" "Mozilla/5.0 AppleWebKit/537.36 (KHTML, like Gecko; compatible; GPTBot/1.3; +https://openai.com/gptbot)"
74.7.227.45 - - [14/Dec/2025:10:12:06 -0500] "GET /ar/franchise/%d9%8a%d8%b3-%d9%88%d9%8a-%d9%81%d9%83%d8%b3/ HTTP/2.0" 200 174052 "-" "Mozilla/5.0 AppleWebKit/537.36 (KHTML, like Gecko; compatible; GPTBot/1.3; +https://openai.com/gptbot)"
74.7.227.45 - - [14/Dec/2025:10:12:07 -0500] "GET /ar/wp-json/oembed/1.0/embed?format=xml&url=https%3A%2F%2Femtiyz.com%2Far%2Ffranchise%2F%25d8%25b3%25d8%25aa%25d8%25a7%25d9%258a%25d9%2584%25d8%25b1%2F HTTP/2.0" 200 2681 "-" "Mozilla/5.0 AppleWebKit/537.36 (KHTML, like Gecko; compatible; GPTBot/1.3; +https://openai.com/gptbot)"
74.7.227.45 - - [14/Dec/2025:10:12:07 -0500] "GET /ar/make/%d9%82%d8%b7%d8%a7%d8%b9-%d8%b5%d9%86%d8%a7%d8%b9%d9%8a/feed/ HTTP/2.0" 200 2828 "-" "Mozilla/5.0 AppleWebKit/537.36 (KHTML, like Gecko; compatible; GPTBot/1.3; +https://openai.com/gptbot)"
