148.252.156.163 - - [14/Dec/2025:08:01:32 -0500] "GET /wp-content/plugins/elementor/assets/js/shared-frontend-handlers.4c8abccc3e268b0767b2.bundle.min.js HTTP/2.0" 200 8525 "https://emtiyz.com/essam-lootah-featured-on-the-cover-of-arab-franchise-magazines-2025-special-edition/" "Mozilla/5.0 (iPhone; CPU iPhone OS 18_7 like Mac OS X) AppleWebKit/605.1.15 (KHTML, like Gecko) Version/26.1 Mobile/15E148 Safari/604.1"
148.252.156.163 - - [14/Dec/2025:08:01:32 -0500] "GET /wp-content/plugins/elementor/assets/js/text-editor.abc8f59c62f2820dc25a.bundle.min.js HTTP/2.0" 200 1392 "https://emtiyz.com/essam-lootah-featured-on-the-cover-of-arab-franchise-magazines-2025-special-edition/" "Mozilla/5.0 (iPhone; CPU iPhone OS 18_7 like Mac OS X) AppleWebKit/605.1.15 (KHTML, like Gecko) Version/26.1 Mobile/15E148 Safari/604.1"
148.252.156.163 - - [14/Dec/2025:08:01:32 -0500] "GET /wp-includes/js/wp-emoji-release.min.js?ver=6.9 HTTP/2.0" 200 22762 "https://emtiyz.com/essam-lootah-featured-on-the-cover-of-arab-franchise-magazines-2025-special-edition/" "Mozilla/5.0 (iPhone; CPU iPhone OS 18_7 like Mac OS X) AppleWebKit/605.1.15 (KHTML, like Gecko) Version/26.1 Mobile/15E148 Safari/604.1"
50.6.4.141 - - [14/Dec/2025:08:04:10 -0500] "POST /wp-cron.php?doing_wp_cron=1765717450.1849670410156250000000 HTTP/1.1" 200 - "-" "WordPress/6.9; https://emtiyz.com"
103.52.135.171 - - [14/Dec/2025:08:04:09 -0500] "POST /wp-login.php HTTP/1.1" 200 10879 "-" "Mozilla/5.0"
50.6.4.141 - - [14/Dec/2025:08:07:11 -0500] "POST /wp-cron.php?doing_wp_cron=1765717631.1845800876617431640625 HTTP/1.1" 200 - "-" "WordPress/6.9; https://emtiyz.com"
103.52.135.171 - - [14/Dec/2025:08:07:10 -0500] "POST /wp-login.php HTTP/1.1" 200 10879 "-" "Mozilla/5.0"
199.195.250.129 - - [14/Dec/2025:08:07:10 -0500] "GET /wp-login.php HTTP/1.1" 200 10442 "-" "Mozilla/5.0 (Macintosh; Intel Mac OS X 10_9_3) AppleWebKit/537.36 (KHTML, like Gecko) Chrome/35.0.1916.153 Safari/537.36"
199.195.250.129 - - [14/Dec/2025:08:07:12 -0500] "POST /wp-login.php HTTP/1.1" 200 10879 "-" "Mozilla/5.0 (Macintosh; Intel Mac OS X 10_9_3) AppleWebKit/537.36 (KHTML, like Gecko) Chrome/35.0.1916.153 Safari/537.36"
50.6.4.141 - - [14/Dec/2025:08:10:03 -0500] "POST /wp-cron.php?doing_wp_cron=1765717802.9987759590148925781250 HTTP/1.1" 200 - "-" "WordPress/6.9; https://emtiyz.com"
103.52.135.171 - - [14/Dec/2025:08:10:02 -0500] "POST /wp-login.php HTTP/1.1" 200 10879 "-" "Mozilla/5.0"
50.6.4.141 - - [14/Dec/2025:08:12:54 -0500] "POST /wp-cron.php?doing_wp_cron=1765717974.5162920951843261718750 HTTP/1.1" 200 - "-" "WordPress/6.9; https://emtiyz.com"
103.52.135.171 - - [14/Dec/2025:08:12:53 -0500] "POST /wp-login.php HTTP/1.1" 200 10879 "-" "Mozilla/5.0"
50.6.4.141 - - [14/Dec/2025:08:15:22 -0500] "POST /wp-cron.php?doing_wp_cron=1765718122.0800778865814208984375 HTTP/1.1" 200 - "-" "WordPress/6.9; https://emtiyz.com"
107.189.10.79 - - [14/Dec/2025:08:15:21 -0500] "GET /wp-login.php HTTP/1.1" 200 10442 "-" "Mozilla/5.0 (Macintosh; Intel Mac OS X 10_6_8) AppleWebKit/534.59.10 (KHTML, like Gecko) Version/5.1.9 Safari/534.59.10"
107.189.10.79 - - [14/Dec/2025:08:15:22 -0500] "POST /wp-login.php HTTP/1.1" 200 10901 "-" "Mozilla/5.0 (Macintosh; Intel Mac OS X 10_6_8) AppleWebKit/534.59.10 (KHTML, like Gecko) Version/5.1.9 Safari/534.59.10"
103.52.135.171 - - [14/Dec/2025:08:15:43 -0500] "POST /wp-login.php HTTP/1.1" 200 10879 "-" "Mozilla/5.0"
50.6.4.141 - - [14/Dec/2025:08:18:28 -0500] "POST /wp-cron.php?doing_wp_cron=1765718308.4802489280700683593750 HTTP/1.1" 200 - "-" "WordPress/6.9; https://emtiyz.com"
103.52.135.171 - - [14/Dec/2025:08:18:27 -0500] "POST /wp-login.php HTTP/1.1" 200 10879 "-" "Mozilla/5.0"
50.6.4.141 - - [14/Dec/2025:08:21:10 -0500] "POST /wp-cron.php?doing_wp_cron=1765718470.5068709850311279296875 HTTP/1.1" 200 - "-" "WordPress/6.9; https://emtiyz.com"
103.52.135.171 - - [14/Dec/2025:08:21:09 -0500] "POST /wp-login.php HTTP/1.1" 200 10879 "-" "Mozilla/5.0"
50.6.4.141 - - [14/Dec/2025:08:23:46 -0500] "POST /wp-cron.php?doing_wp_cron=1765718626.9126660823822021484375 HTTP/1.1" 200 - "-" "WordPress/6.9; https://emtiyz.com"
103.52.135.171 - - [14/Dec/2025:08:23:46 -0500] "POST /wp-login.php HTTP/1.1" 200 10879 "-" "Mozilla/5.0"
50.6.4.141 - - [14/Dec/2025:08:26:16 -0500] "POST /wp-cron.php?doing_wp_cron=1765718776.5080831050872802734375 HTTP/1.1" 200 - "-" "WordPress/6.9; https://emtiyz.com"
103.52.135.171 - - [14/Dec/2025:08:26:15 -0500] "POST /wp-login.php HTTP/1.1" 200 10879 "-" "Mozilla/5.0"
50.6.4.141 - - [14/Dec/2025:08:28:51 -0500] "POST /wp-cron.php?doing_wp_cron=1765718931.0426399707794189453125 HTTP/1.1" 200 - "-" "WordPress/6.9; https://emtiyz.com"
103.52.135.171 - - [14/Dec/2025:08:28:50 -0500] "POST /wp-login.php HTTP/1.1" 200 10879 "-" "Mozilla/5.0"
50.6.4.141 - - [14/Dec/2025:08:30:20 -0500] "POST /wp-cron.php?doing_wp_cron=1765719020.5922670364379882812500 HTTP/1.1" 200 - "-" "WordPress/6.9; https://emtiyz.com"
66.249.79.67 - - [14/Dec/2025:08:30:19 -0500] "GET /robots.txt HTTP/1.1" 200 153 "-" "Mozilla/5.0 (compatible; Googlebot/2.1; +http://www.google.com/bot.html)"
66.249.79.66 - - [14/Dec/2025:08:30:20 -0500] "GET / HTTP/1.1" 200 375271 "-" "Mozilla/5.0 (Linux; Android 6.0.1; Nexus 5X Build/MMB29P) AppleWebKit/537.36 (KHTML, like Gecko) Chrome/141.0.7390.122 Mobile Safari/537.36 (compatible; Googlebot/2.1; +http://www.google.com/bot.html)"
66.249.79.65 - - [14/Dec/2025:08:30:23 -0500] "GET /wp-includes/js/plupload/plupload.min.js?ver=2.1.9 HTTP/1.1" 200 15605 "https://emtiyz.com/" "Mozilla/5.0 (Linux; Android 6.0.1; Nexus 5X Build/MMB29P) AppleWebKit/537.36 (KHTML, like Gecko) Chrome/141.0.7390.122 Mobile Safari/537.36 (compatible; Googlebot/2.1; +http://www.google.com/bot.html)"
66.249.79.66 - - [14/Dec/2025:08:30:24 -0500] "GET /wp-content/uploads/elementor/css/post-3795.css?ver=1765152000 HTTP/1.1" 200 10502 "https://emtiyz.com/" "Mozilla/5.0 (Linux; Android 6.0.1; Nexus 5X Build/MMB29P) AppleWebKit/537.36 (KHTML, like Gecko) Chrome/141.0.7390.122 Mobile Safari/537.36 (compatible; Googlebot/2.1; +http://www.google.com/bot.html)"
66.249.79.65 - - [14/Dec/2025:08:30:25 -0500] "GET /wp-content/plugins/elementor/assets/css/widget-icon-list.min.css?ver=3.31.3 HTTP/1.1" 200 10470 "https://emtiyz.com/" "Mozilla/5.0 (Linux; Android 6.0.1; Nexus 5X Build/MMB29P) AppleWebKit/537.36 (KHTML, like Gecko) Chrome/141.0.7390.122 Mobile Safari/537.36 (compatible; Googlebot/2.1; +http://www.google.com/bot.html)"
66.249.79.65 - - [14/Dec/2025:08:30:26 -0500] "GET /wp-content/uploads/elementor/css/post-6.css?ver=1765152000 HTTP/1.1" 200 1225 "https://emtiyz.com/" "Mozilla/5.0 (Linux; Android 6.0.1; Nexus 5X Build/MMB29P) AppleWebKit/537.36 (KHTML, like Gecko) Chrome/141.0.7390.122 Mobile Safari/537.36 (compatible; Googlebot/2.1; +http://www.google.com/bot.html)"
66.249.79.65 - - [14/Dec/2025:08:30:28 -0500] "GET /wp-content/uploads/elementor/css/post-5940.css?ver=1765152000 HTTP/1.1" 200 81281 "https://emtiyz.com/" "Mozilla/5.0 (Linux; Android 6.0.1; Nexus 5X Build/MMB29P) AppleWebKit/537.36 (KHTML, like Gecko) Chrome/141.0.7390.122 Mobile Safari/537.36 (compatible; Googlebot/2.1; +http://www.google.com/bot.html)"
66.249.79.65 - - [14/Dec/2025:08:30:29 -0500] "GET /wp-includes/js/jquery/jquery-migrate.min.js?ver=3.4.1 HTTP/1.1" 200 13577 "https://emtiyz.com/" "Mozilla/5.0 (Linux; Android 6.0.1; Nexus 5X Build/MMB29P) AppleWebKit/537.36 (KHTML, like Gecko) Chrome/141.0.7390.122 Mobile Safari/537.36 (compatible; Googlebot/2.1; +http://www.google.com/bot.html)"
66.249.79.65 - - [14/Dec/2025:08:30:31 -0500] "GET /wp-includes/js/jquery/jquery.min.js?ver=3.7.1 HTTP/1.1" 200 87553 "https://emtiyz.com/" "Mozilla/5.0 (Linux; Android 6.0.1; Nexus 5X Build/MMB29P) AppleWebKit/537.36 (KHTML, like Gecko) Chrome/141.0.7390.122 Mobile Safari/537.36 (compatible; Googlebot/2.1; +http://www.google.com/bot.html)"
66.249.79.65 - - [14/Dec/2025:08:30:32 -0500] "GET /wp-content/plugins/themesflat-core/assets/css/testimonial/tf-testimonial.css?ver=6.9 HTTP/1.1" 200 16147 "https://emtiyz.com/" "Mozilla/5.0 (Linux; Android 6.0.1; Nexus 5X Build/MMB29P) AppleWebKit/537.36 (KHTML, like Gecko) Chrome/141.0.7390.122 Mobile Safari/537.36 (compatible; Googlebot/2.1; +http://www.google.com/bot.html)"
66.249.79.65 - - [14/Dec/2025:08:30:33 -0500] "GET /wp-includes/js/wp-util.min.js?ver=6.9 HTTP/1.1" 200 1426 "https://emtiyz.com/" "Mozilla/5.0 (Linux; Android 6.0.1; Nexus 5X Build/MMB29P) AppleWebKit/537.36 (KHTML, like Gecko) Chrome/141.0.7390.122 Mobile Safari/537.36 (compatible; Googlebot/2.1; +http://www.google.com/bot.html)"
66.249.79.65 - - [14/Dec/2025:08:30:35 -0500] "GET /wp-includes/js/plupload/moxie.min.js?ver=1.3.5.1 HTTP/1.1" 200 87394 "https://emtiyz.com/" "Mozilla/5.0 (Linux; Android 6.0.1; Nexus 5X Build/MMB29P) AppleWebKit/537.36 (KHTML, like Gecko) Chrome/141.0.7390.122 Mobile Safari/537.36 (compatible; Googlebot/2.1; +http://www.google.com/bot.html)"
66.249.79.65 - - [14/Dec/2025:08:30:36 -0500] "GET /wp-content/plugins/themesflat-core/post-format/assets/js/jquery.mb.YTPlayer.js?ver=6.9 HTTP/1.1" 200 68480 "https://emtiyz.com/" "Mozilla/5.0 (Linux; Android 6.0.1; Nexus 5X Build/MMB29P) AppleWebKit/537.36 (KHTML, like Gecko) Chrome/141.0.7390.122 Mobile Safari/537.36 (compatible; Googlebot/2.1; +http://www.google.com/bot.html)"
66.249.79.65 - - [14/Dec/2025:08:30:38 -0500] "GET /wp-includes/js/jquery/ui/core.min.js?ver=1.13.3 HTTP/1.1" 200 21464 "https://emtiyz.com/" "Mozilla/5.0 (Linux; Android 6.0.1; Nexus 5X Build/MMB29P) AppleWebKit/537.36 (KHTML, like Gecko) Chrome/141.0.7390.122 Mobile Safari/537.36 (compatible; Googlebot/2.1; +http://www.google.com/bot.html)"
66.249.79.65 - - [14/Dec/2025:08:30:39 -0500] "GET /wp-includes/js/jquery/ui/datepicker.min.js?ver=1.13.3 HTTP/1.1" 200 36748 "https://emtiyz.com/" "Mozilla/5.0 (Linux; Android 6.0.1; Nexus 5X Build/MMB29P) AppleWebKit/537.36 (KHTML, like Gecko) Chrome/141.0.7390.122 Mobile Safari/537.36 (compatible; Googlebot/2.1; +http://www.google.com/bot.html)"
66.249.79.65 - - [14/Dec/2025:08:30:40 -0500] "GET /wp-content/plugins/tf-car-listing/public/assets/third-party/nice-select/nice-select.min.js HTTP/1.1" 200 2822 "https://emtiyz.com/" "Mozilla/5.0 (Linux; Android 6.0.1; Nexus 5X Build/MMB29P) AppleWebKit/537.36 (KHTML, like Gecko) Chrome/141.0.7390.122 Mobile Safari/537.36 (compatible; Googlebot/2.1; +http://www.google.com/bot.html)"
66.249.79.65 - - [14/Dec/2025:08:30:42 -0500] "GET /wp-content/plugins/tf-car-listing/public/assets/js/jquery.validate.min.js HTTP/1.1" 200 24604 "https://emtiyz.com/" "Mozilla/5.0 (Linux; Android 6.0.1; Nexus 5X Build/MMB29P) AppleWebKit/537.36 (KHTML, like Gecko) Chrome/141.0.7390.122 Mobile Safari/537.36 (compatible; Googlebot/2.1; +http://www.google.com/bot.html)"
66.249.79.65 - - [14/Dec/2025:08:30:43 -0500] "GET /wp-content/plugins/tf-car-listing/public/assets/third-party/bootstrap/js/bootstrap.bundle.min.js?ver=4.6.2 HTTP/1.1" 200 136938 "https://emtiyz.com/" "Mozilla/5.0 (Linux; Android 6.0.1; Nexus 5X Build/MMB29P) AppleWebKit/537.36 (KHTML, like Gecko) Chrome/141.0.7390.122 Mobile Safari/537.36 (compatible; Googlebot/2.1; +http://www.google.com/bot.html)"
66.249.79.65 - - [14/Dec/2025:08:30:44 -0500] "GET /wp-content/plugins/tf-car-listing//public/assets/js/user.js HTTP/1.1" 200 26683 "https://emtiyz.com/" "Mozilla/5.0 (Linux; Android 6.0.1; Nexus 5X Build/MMB29P) AppleWebKit/537.36 (KHTML, like Gecko) Chrome/141.0.7390.122 Mobile Safari/537.36 (compatible; Googlebot/2.1; +http://www.google.com/bot.html)"
66.249.79.65 - - [14/Dec/2025:08:30:46 -0500] "GET /wp-content/themes/autodeal/js/html5shiv.js?ver=3.7.0 HTTP/1.1" 200 2437 "https://emtiyz.com/" "Mozilla/5.0 (Linux; Android 6.0.1; Nexus 5X Build/MMB29P) AppleWebKit/537.36 (KHTML, like Gecko) Chrome/141.0.7390.122 Mobile Safari/537.36 (compatible; Googlebot/2.1; +http://www.google.com/bot.html)"
66.249.79.65 - - [14/Dec/2025:08:30:47 -0500] "GET /wp-content/plugins/elementor/assets/js/webpack.runtime.min.js?ver=3.31.3 HTTP/1.1" 200 5707 "https://emtiyz.com/" "Mozilla/5.0 (Linux; Android 6.0.1; Nexus 5X Build/MMB29P) AppleWebKit/537.36 (KHTML, like Gecko) Chrome/141.0.7390.122 Mobile Safari/537.36 (compatible; Googlebot/2.1; +http://www.google.com/bot.html)"
66.249.79.65 - - [14/Dec/2025:08:30:48 -0500] "GET /wp-content/plugins/elementor/assets/js/frontend.min.js?ver=3.31.3 HTTP/1.1" 200 32879 "https://emtiyz.com/" "Mozilla/5.0 (Linux; Android 6.0.1; Nexus 5X Build/MMB29P) AppleWebKit/537.36 (KHTML, like Gecko) Chrome/141.0.7390.122 Mobile Safari/537.36 (compatible; Googlebot/2.1; +http://www.google.com/bot.html)"
66.249.79.65 - - [14/Dec/2025:08:30:50 -0500] "GET /wp-content/plugins/themesflat-core/assets/js/owl.carousel.min.js?ver=6.9 HTTP/1.1" 200 44342 "https://emtiyz.com/" "Mozilla/5.0 (Linux; Android 6.0.1; Nexus 5X Build/MMB29P) AppleWebKit/537.36 (KHTML, like Gecko) Chrome/141.0.7390.122 Mobile Safari/537.36 (compatible; Googlebot/2.1; +http://www.google.com/bot.html)"
66.249.79.65 - - [14/Dec/2025:08:30:52 -0500] "POST /wp-admin/admin-ajax.php HTTP/1.1" 200 1270 "https://emtiyz.com/" "Mozilla/5.0 (Linux; Android 6.0.1; Nexus 5X Build/MMB29P) AppleWebKit/537.36 (KHTML, like Gecko) Chrome/141.0.7390.122 Mobile Safari/537.36 (compatible; Googlebot/2.1; +http://www.google.com/bot.html)"
66.249.79.65 - - [14/Dec/2025:08:30:53 -0500] "GET /wp-content/plugins/pro-elements/assets/js/hotspot.fa04300164c35a866a51.bundle.min.js HTTP/1.1" 200 2820 "https://emtiyz.com/" "Mozilla/5.0 (Linux; Android 6.0.1; Nexus 5X Build/MMB29P) AppleWebKit/537.36 (KHTML, like Gecko) Chrome/141.0.7390.122 Mobile Safari/537.36 (compatible; Googlebot/2.1; +http://www.google.com/bot.html)"
66.249.79.65 - - [14/Dec/2025:08:30:54 -0500] "GET /wp-content/plugins/elementor/assets/js/counter.12335f45aaa79d244f24.bundle.min.js HTTP/1.1" 200 946 "https://emtiyz.com/" "Mozilla/5.0 (Linux; Android 6.0.1; Nexus 5X Build/MMB29P) AppleWebKit/537.36 (KHTML, like Gecko) Chrome/141.0.7390.122 Mobile Safari/537.36 (compatible; Googlebot/2.1; +http://www.google.com/bot.html)"
66.249.79.65 - - [14/Dec/2025:08:30:55 -0500] "GET /wp-content/uploads/2024/10/Enter.svg HTTP/1.1" 200 6087 "https://emtiyz.com/" "Mozilla/5.0 (Linux; Android 6.0.1; Nexus 5X Build/MMB29P) AppleWebKit/537.36 (KHTML, like Gecko) Chrome/141.0.7390.122 Mobile Safari/537.36 (compatible; Googlebot/2.1; +http://www.google.com/bot.html)"
66.249.79.65 - - [14/Dec/2025:08:30:56 -0500] "GET /wp-content/uploads/2024/10/Health.svg HTTP/1.1" 200 35023 "https://emtiyz.com/" "Mozilla/5.0 (Linux; Android 6.0.1; Nexus 5X Build/MMB29P) AppleWebKit/537.36 (KHTML, like Gecko) Chrome/141.0.7390.122 Mobile Safari/537.36 (compatible; Googlebot/2.1; +http://www.google.com/bot.html)"
66.249.79.65 - - [14/Dec/2025:08:30:57 -0500] "GET /wp-content/uploads/2024/10/Beauty.svg HTTP/1.1" 200 7063 "https://emtiyz.com/" "Mozilla/5.0 (Linux; Android 6.0.1; Nexus 5X Build/MMB29P) AppleWebKit/537.36 (KHTML, like Gecko) Chrome/141.0.7390.122 Mobile Safari/537.36 (compatible; Googlebot/2.1; +http://www.google.com/bot.html)"
66.249.79.65 - - [14/Dec/2025:08:30:58 -0500] "GET /wp-content/uploads/2024/10/rr.svg HTTP/1.1" 200 6889 "https://emtiyz.com/" "Mozilla/5.0 (Linux; Android 6.0.1; Nexus 5X Build/MMB29P) AppleWebKit/537.36 (KHTML, like Gecko) Chrome/141.0.7390.122 Mobile Safari/537.36 (compatible; Googlebot/2.1; +http://www.google.com/bot.html)"
66.249.79.65 - - [14/Dec/2025:08:31:00 -0500] "GET /wp-content/uploads/2024/10/Untitled-3.svg HTTP/1.1" 200 33051 "https://emtiyz.com/" "Mozilla/5.0 (Linux; Android 6.0.1; Nexus 5X Build/MMB29P) AppleWebKit/537.36 (KHTML, like Gecko) Chrome/141.0.7390.122 Mobile Safari/537.36 (compatible; Googlebot/2.1; +http://www.google.com/bot.html)"
66.249.79.65 - - [14/Dec/2025:08:31:01 -0500] "GET /wp-content/uploads/2024/10/xx.svg HTTP/1.1" 200 23246 "https://emtiyz.com/" "Mozilla/5.0 (Linux; Android 6.0.1; Nexus 5X Build/MMB29P) AppleWebKit/537.36 (KHTML, like Gecko) Chrome/141.0.7390.122 Mobile Safari/537.36 (compatible; Googlebot/2.1; +http://www.google.com/bot.html)"
50.6.4.141 - - [14/Dec/2025:08:31:27 -0500] "POST /wp-cron.php?doing_wp_cron=1765719087.6072540283203125000000 HTTP/1.1" 200 - "-" "WordPress/6.9; https://emtiyz.com"
103.52.135.171 - - [14/Dec/2025:08:31:26 -0500] "POST /wp-login.php HTTP/1.1" 200 10879 "-" "Mozilla/5.0"
50.6.4.141 - - [14/Dec/2025:08:34:00 -0500] "POST /wp-cron.php?doing_wp_cron=1765719240.0236330032348632812500 HTTP/1.1" 200 - "-" "WordPress/6.9; https://emtiyz.com"
103.52.135.171 - - [14/Dec/2025:08:33:59 -0500] "POST /wp-login.php HTTP/1.1" 200 10879 "-" "Mozilla/5.0"
50.6.4.141 - - [14/Dec/2025:08:36:25 -0500] "POST /wp-cron.php?doing_wp_cron=1765719385.8206028938293457031250 HTTP/1.1" 200 - "-" "WordPress/6.9; https://emtiyz.com"
45.61.185.220 - - [14/Dec/2025:08:36:25 -0500] "GET /wp-login.php HTTP/1.1" 200 10442 "-" "Mozilla/5.0 (Windows NT 6.1; WOW64; rv:24.0) Gecko/20100101 Firefox/24.0"
45.61.185.220 - - [14/Dec/2025:08:36:30 -0500] "POST /wp-login.php HTTP/1.1" 200 10913 "-" "Mozilla/5.0 (Windows NT 6.1; WOW64; rv:24.0) Gecko/20100101 Firefox/24.0"
103.52.135.171 - - [14/Dec/2025:08:36:39 -0500] "POST /wp-login.php HTTP/1.1" 200 10879 "-" "Mozilla/5.0"
50.6.4.141 - - [14/Dec/2025:08:39:26 -0500] "POST /wp-cron.php?doing_wp_cron=1765719566.2705919742584228515625 HTTP/1.1" 200 - "-" "WordPress/6.9; https://emtiyz.com"
103.52.135.171 - - [14/Dec/2025:08:39:25 -0500] "POST /wp-login.php HTTP/1.1" 200 10879 "-" "Mozilla/5.0"
50.6.4.141 - - [14/Dec/2025:08:42:10 -0500] "POST /wp-cron.php?doing_wp_cron=1765719730.3268640041351318359375 HTTP/1.1" 200 - "-" "WordPress/6.9; https://emtiyz.com"
103.52.135.171 - - [14/Dec/2025:08:42:09 -0500] "POST /wp-login.php HTTP/1.1" 200 10879 "-" "Mozilla/5.0"
50.6.4.141 - - [14/Dec/2025:08:43:21 -0500] "POST /wp-cron.php?doing_wp_cron=1765719801.0746109485626220703125 HTTP/1.1" 200 - "-" "WordPress/6.9; https://emtiyz.com"
216.73.216.20 - - [14/Dec/2025:08:43:20 -0500] "GET /robots.txt HTTP/2.0" 200 153 "-" "Mozilla/5.0 AppleWebKit/537.36 (KHTML, like Gecko; compatible; ClaudeBot/1.0; +claudebot@anthropic.com)"
50.6.4.141 - - [14/Dec/2025:08:44:39 -0500] "POST /wp-cron.php?doing_wp_cron=1765719879.8454198837280273437500 HTTP/1.1" 200 - "-" "WordPress/6.9; https://emtiyz.com"
103.52.135.171 - - [14/Dec/2025:08:44:39 -0500] "POST /wp-login.php HTTP/1.1" 200 10879 "-" "Mozilla/5.0"
50.6.4.141 - - [14/Dec/2025:08:47:16 -0500] "POST /wp-cron.php?doing_wp_cron=1765720036.8052248954772949218750 HTTP/1.1" 200 - "-" "WordPress/6.9; https://emtiyz.com"
103.52.135.171 - - [14/Dec/2025:08:47:16 -0500] "POST /wp-login.php HTTP/1.1" 200 10879 "-" "Mozilla/5.0"
50.6.4.141 - - [14/Dec/2025:08:49:58 -0500] "POST /wp-cron.php?doing_wp_cron=1765720198.2143259048461914062500 HTTP/1.1" 200 - "-" "WordPress/6.9; https://emtiyz.com"
103.52.135.171 - - [14/Dec/2025:08:49:57 -0500] "POST /wp-login.php HTTP/1.1" 200 10879 "-" "Mozilla/5.0"
50.6.4.141 - - [14/Dec/2025:08:52:33 -0500] "POST /wp-cron.php?doing_wp_cron=1765720353.0702209472656250000000 HTTP/1.1" 200 - "-" "WordPress/6.9; https://emtiyz.com"
103.52.135.171 - - [14/Dec/2025:08:52:32 -0500] "POST /wp-login.php HTTP/1.1" 200 10879 "-" "Mozilla/5.0"
50.6.4.141 - - [14/Dec/2025:08:53:56 -0500] "POST /wp-cron.php?doing_wp_cron=1765720436.6039819717407226562500 HTTP/1.1" 200 - "-" "WordPress/6.9; https://emtiyz.com"
51.75.236.152 - - [14/Dec/2025:08:53:55 -0500] "GET /robots.txt HTTP/2.0" 200 153 "-" "Mozilla/5.0 (compatible; AhrefsBot/7.0; +http://ahrefs.com/robot/)"
54.39.203.184 - - [14/Dec/2025:08:53:59 -0500] "GET /sitemap.rss HTTP/2.0" 200 16307 "-" "Mozilla/5.0 (compatible; AhrefsBot/7.0; +http://ahrefs.com/robot/)"
50.6.4.141 - - [14/Dec/2025:08:55:18 -0500] "POST /wp-cron.php?doing_wp_cron=1765720518.7516279220581054687500 HTTP/1.1" 200 - "-" "WordPress/6.9; https://emtiyz.com"
103.52.135.171 - - [14/Dec/2025:08:55:18 -0500] "POST /wp-login.php HTTP/1.1" 200 10879 "-" "Mozilla/5.0"
50.6.4.141 - - [14/Dec/2025:08:57:45 -0500] "POST /wp-cron.php?doing_wp_cron=1765720665.5822629928588867187500 HTTP/1.1" 200 - "-" "WordPress/6.9; https://emtiyz.com"
103.52.135.171 - - [14/Dec/2025:08:57:44 -0500] "POST /wp-login.php HTTP/1.1" 200 10879 "-" "Mozilla/5.0"
50.6.4.141 - - [14/Dec/2025:09:00:26 -0500] "POST /wp-cron.php?doing_wp_cron=1765720826.2932710647583007812500 HTTP/1.1" 200 - "-" "WordPress/6.9; https://emtiyz.com"
103.52.135.171 - - [14/Dec/2025:09:00:25 -0500] "POST /wp-login.php HTTP/1.1" 200 10879 "-" "Mozilla/5.0"
50.6.4.141 - - [14/Dec/2025:09:03:08 -0500] "POST /wp-cron.php?doing_wp_cron=1765720988.5893061161041259765625 HTTP/1.1" 200 - "-" "WordPress/6.9; https://emtiyz.com"
103.52.135.171 - - [14/Dec/2025:09:03:07 -0500] "POST /wp-login.php HTTP/1.1" 200 10879 "-" "Mozilla/5.0"
50.6.4.141 - - [14/Dec/2025:09:05:44 -0500] "POST /wp-cron.php?doing_wp_cron=1765721144.0103468894958496093750 HTTP/1.1" 200 - "-" "WordPress/6.9; https://emtiyz.com"
103.52.135.171 - - [14/Dec/2025:09:05:43 -0500] "POST /wp-login.php HTTP/1.1" 200 10879 "-" "Mozilla/5.0"
50.6.4.141 - - [14/Dec/2025:09:07:29 -0500] "POST /wp-cron.php?doing_wp_cron=1765721249.9064619541168212890625 HTTP/1.1" 200 - "-" "WordPress/6.9; https://emtiyz.com"
182.42.105.144 - - [14/Dec/2025:09:07:29 -0500] "GET / HTTP/1.1" 301 - "http://www.emtiyz.com" "Mozilla/5.0 (iPhone; CPU iPhone OS 13_2_3 like Mac OS X) AppleWebKit/605.1.15 (KHTML, like Gecko) Version/13.0.3 Mobile/15E148 Safari/604.1"
182.42.105.144 - - [14/Dec/2025:09:07:31 -0500] "GET / HTTP/1.1" 200 303072 "https://www.emtiyz.com/" "Mozilla/5.0 (iPhone; CPU iPhone OS 13_2_3 like Mac OS X) AppleWebKit/605.1.15 (KHTML, like Gecko) Version/13.0.3 Mobile/15E148 Safari/604.1"
50.6.4.141 - - [14/Dec/2025:09:08:18 -0500] "POST /wp-cron.php?doing_wp_cron=1765721298.3627851009368896484375 HTTP/1.1" 200 - "-" "WordPress/6.9; https://emtiyz.com"
103.52.135.171 - - [14/Dec/2025:09:08:17 -0500] "POST /wp-login.php HTTP/1.1" 200 10879 "-" "Mozilla/5.0"
52.230.163.41 - - [14/Dec/2025:09:08:26 -0500] "GET / HTTP/2.0" 200 - "-" "Mozilla/5.0 AppleWebKit/537.36 (KHTML, like Gecko); compatible; ChatGPT-User/1.0; +https://openai.com/bot"
50.6.4.141 - - [14/Dec/2025:09:10:52 -0500] "POST /wp-cron.php?doing_wp_cron=1765721452.7857549190521240234375 HTTP/1.1" 200 - "-" "WordPress/6.9; https://emtiyz.com"
103.52.135.171 - - [14/Dec/2025:09:10:52 -0500] "POST /wp-login.php HTTP/1.1" 200 10879 "-" "Mozilla/5.0"
50.6.4.141 - - [14/Dec/2025:09:13:34 -0500] "POST /wp-cron.php?doing_wp_cron=1765721614.5394089221954345703125 HTTP/1.1" 200 - "-" "WordPress/6.9; https://emtiyz.com"
103.52.135.171 - - [14/Dec/2025:09:13:33 -0500] "POST /wp-login.php HTTP/1.1" 200 10879 "-" "Mozilla/5.0"
50.6.4.141 - - [14/Dec/2025:09:16:06 -0500] "POST /wp-cron.php?doing_wp_cron=1765721766.8183898925781250000000 HTTP/1.1" 200 - "-" "WordPress/6.9; https://emtiyz.com"
103.52.135.171 - - [14/Dec/2025:09:16:06 -0500] "POST /wp-login.php HTTP/1.1" 200 10879 "-" "Mozilla/5.0"
50.6.4.141 - - [14/Dec/2025:09:16:46 -0500] "POST /wp-cron.php?doing_wp_cron=1765721806.2740590572357177734375 HTTP/1.1" 200 - "-" "WordPress/6.9; https://emtiyz.com"
45.61.185.56 - - [14/Dec/2025:09:16:45 -0500] "GET /wp-login.php HTTP/1.1" 200 10442 "-" "Mozilla/5.0 (Windows NT 6.2; WOW64; rv:30.0) Gecko/20100101 Firefox/30.0"
50.6.4.141 - - [14/Dec/2025:09:18:44 -0500] "POST /wp-cron.php?doing_wp_cron=1765721924.4679811000823974609375 HTTP/1.1" 200 - "-" "WordPress/6.9; https://emtiyz.com"
103.52.135.171 - - [14/Dec/2025:09:18:43 -0500] "POST /wp-login.php HTTP/1.1" 200 10879 "-" "Mozilla/5.0"
50.6.4.141 - - [14/Dec/2025:09:19:56 -0500] "POST /wp-cron.php?doing_wp_cron=1765721996.7994201183319091796875 HTTP/1.1" 200 - "-" "WordPress/6.9; https://emtiyz.com"
66.249.79.192 - - [14/Dec/2025:09:19:56 -0500] "GET /robots.txt HTTP/1.1" 200 153 "-" "Mozilla/5.0 (compatible; Googlebot/2.1; +http://www.google.com/bot.html)"
45.61.185.56 - - [14/Dec/2025:09:19:59 -0500] "POST /wp-login.php HTTP/1.1" 200 10899 "-" "Mozilla/5.0 (Windows NT 6.2; WOW64; rv:30.0) Gecko/20100101 Firefox/30.0"
50.6.4.141 - - [14/Dec/2025:09:21:21 -0500] "POST /wp-cron.php?doing_wp_cron=1765722081.3561170101165771484375 HTTP/1.1" 200 - "-" "WordPress/6.9; https://emtiyz.com"
103.52.135.171 - - [14/Dec/2025:09:21:20 -0500] "POST /wp-login.php HTTP/1.1" 200 10879 "-" "Mozilla/5.0"
50.6.4.141 - - [14/Dec/2025:09:22:50 -0500] "POST /wp-cron.php?doing_wp_cron=1765722170.2514920234680175781250 HTTP/1.1" 200 - "-" "WordPress/6.9; https://emtiyz.com"
86.48.30.152 - - [14/Dec/2025:09:22:49 -0500] "POST /cgi-bin/.%2e/.%2e/.%2e/.%2e/.%2e/.%2e/.%2e/.%2e/.%2e/.%2e/bin/sh HTTP/1.1" 301 - "-" "libredtail-http"
50.6.4.141 - - [14/Dec/2025:09:23:55 -0500] "POST /wp-cron.php?doing_wp_cron=1765722235.3595080375671386718750 HTTP/1.1" 200 - "-" "WordPress/6.9; https://emtiyz.com"
103.52.135.171 - - [14/Dec/2025:09:23:54 -0500] "POST /wp-login.php HTTP/1.1" 200 10879 "-" "Mozilla/5.0"
66.249.79.65 - - [14/Dec/2025:09:24:52 -0500] "GET /sitemap.rss HTTP/1.1" 200 16307 "-" "Mozilla/5.0 (compatible; Googlebot/2.1; +http://www.google.com/bot.html)"
50.6.4.141 - - [14/Dec/2025:09:26:23 -0500] "POST /wp-cron.php?doing_wp_cron=1765722383.9698300361633300781250 HTTP/1.1" 200 - "-" "WordPress/6.9; https://emtiyz.com"
146.174.163.106 - - [14/Dec/2025:09:26:23 -0500] "GET / HTTP/1.1" 301 - "-" "Mozilla/5.0 (Windows; U; Windows NT 6.1; cs; rv:1.9.2.3) Gecko/20100401 Firefox/3.6.3 ( .NET CLR 3.5.30729)"
146.174.163.11 - - [14/Dec/2025:09:26:25 -0500] "GET / HTTP/1.1" 200 375271 "-" "Mozilla/5.0 (Windows; U; Windows NT 6.1; cs; rv:1.9.2.3) Gecko/20100401 Firefox/3.6.3 ( .NET CLR 3.5.30729)"
54.39.203.144 - - [14/Dec/2025:09:26:58 -0500] "GET /category/news/ HTTP/2.0" 200 111337 "-" "Mozilla/5.0 (compatible; AhrefsBot/7.0; +http://ahrefs.com/robot/)"
51.222.95.122 - - [14/Dec/2025:09:31:01 -0500] "GET /wp-content/uploads/2025/11/photo-840x473.png HTTP/2.0" 200 169354 "-" "Mozilla/5.0 (compatible; AhrefsBot/7.0; +http://ahrefs.com/robot/)"
148.113.128.50 - - [14/Dec/2025:09:31:04 -0500] "GET /wp-content/uploads/2025/11/%D8%B4%D9%83%D8%B1-%D9%88%D8%AA%D9%87%D9%86%D8%A6%D8%A9-%D8%B3%D8%B9%D8%A7%D8%AF%D8%A9-%D8%B9%D8%B5%D9%80%D9%80%D9%80%D9%80%D8%A7%D9%85-%D9%84%D9%88%D8%AA%D9%80%D9%80%D9%80%D9%80%D9%80%D8%A7%D9%87_page-0001-840x473.jpg HTTP/2.0" 200 54813 "-" "Mozilla/5.0 (compatible; AhrefsBot/7.0; +http://ahrefs.com/robot/)"
51.161.65.83 - - [14/Dec/2025:09:31:06 -0500] "GET /wp-content/uploads/elementor/css/post-5823.css?ver=1765555342 HTTP/2.0" 200 1115 "-" "Mozilla/5.0 (compatible; AhrefsBot/7.0; +http://ahrefs.com/robot/)"
54.39.210.136 - - [14/Dec/2025:09:31:07 -0500] "GET /wp-content/uploads/2025/11/PHOTO-2025-09-23-22-17-54-840x473.jpg HTTP/2.0" 200 40383 "-" "Mozilla/5.0 (compatible; AhrefsBot/7.0; +http://ahrefs.com/robot/)"
50.6.4.141 - - [14/Dec/2025:09:35:35 -0500] "POST /ar/wp-cron.php?doing_wp_cron=1765722935.6407558917999267578125 HTTP/1.1" 200 - "-" "WordPress/6.9; https://emtiyz.com/ar"
44.215.210.112 - - [14/Dec/2025:09:35:34 -0500] "GET /ar/my-listing/ HTTP/1.1" 200 114708 "-" "Mozilla/5.0 AppleWebKit/537.36 (KHTML, like Gecko; compatible; Amazonbot/0.1; +https://developer.amazon.com/support/amazonbot) Chrome/119.0.6045.214 Safari/537.36"
50.6.4.141 - - [14/Dec/2025:09:37:00 -0500] "POST /ar/wp-cron.php?doing_wp_cron=1765723020.5056779384613037109375 HTTP/1.1" 200 - "-" "WordPress/6.9; https://emtiyz.com/ar"
44.214.19.8 - - [14/Dec/2025:09:36:59 -0500] "GET /ar/my-profile/ HTTP/1.1" 200 114904 "-" "Mozilla/5.0 AppleWebKit/537.36 (KHTML, like Gecko; compatible; Amazonbot/0.1; +https://developer.amazon.com/support/amazonbot) Chrome/119.0.6045.214 Safari/537.36"
50.6.4.141 - - [14/Dec/2025:09:42:30 -0500] "POST /wp-cron.php?doing_wp_cron=1765723350.8180689811706542968750 HTTP/1.1" 200 - "-" "WordPress/6.9; https://emtiyz.com"
94.247.172.129 - - [14/Dec/2025:09:42:30 -0500] "GET / HTTP/1.1" 301 - "-" "Mozilla/5.0 (Macintosh; Intel Mac OS X 10_9_2)"
94.247.172.129 - - [14/Dec/2025:09:42:31 -0500] "GET / HTTP/1.1" 200 375271 "-" "Mozilla/5.0 (Macintosh; Intel Mac OS X 10_9_2)"
50.6.4.141 - - [14/Dec/2025:09:44:58 -0500] "POST /wp-cron.php?doing_wp_cron=1765723498.0337500572204589843750 HTTP/1.1" 200 - "-" "WordPress/6.9; https://emtiyz.com"
45.80.158.43 - - [14/Dec/2025:09:44:57 -0500] "GET /.env HTTP/1.1" 404 103303 "-" "Mozilla/5.0 (Linux; U; Android 4.4.2; en-US; HM NOTE 1W Build/KOT49H) AppleWebKit/534.30 (KHTML, like Gecko) Version/4.0 UCBrowser/11.0.5.850 U3/0.8.0 Mobile Safari/534.30"
45.80.158.43 - - [14/Dec/2025:09:44:59 -0500] "POST / HTTP/1.1" 200 212968 "-" "Mozilla/5.0 (Linux; U; Android 4.4.2; en-US; HM NOTE 1W Build/KOT49H) AppleWebKit/534.30 (KHTML, like Gecko) Version/4.0 UCBrowser/11.0.5.850 U3/0.8.0 Mobile Safari/534.30"
50.6.4.141 - - [14/Dec/2025:10:00:15 -0500] "POST /wp-cron.php?doing_wp_cron=1765724415.2414550781250000000000 HTTP/1.1" 200 - "-" "WordPress/6.9; https://emtiyz.com"
51.222.95.171 - - [14/Dec/2025:10:00:14 -0500] "GET /dealer/admin/feed/ HTTP/2.0" 200 779 "-" "Mozilla/5.0 (compatible; AhrefsBot/7.0; +http://ahrefs.com/robot/)"
50.6.4.141 - - [14/Dec/2025:10:02:56 -0500] "POST /wp-cron.php?doing_wp_cron=1765724576.9396200180053710937500 HTTP/1.1" 200 - "-" "WordPress/6.9; https://emtiyz.com"
74.7.242.143 - - [14/Dec/2025:10:02:55 -0500] "GET / HTTP/2.0" 200 375271 "-" "Mozilla/5.0 (Macintosh; Intel Mac OS X 10_15_7) AppleWebKit/537.36 (KHTML, like Gecko) Chrome/131.0.0.0 Safari/537.36; compatible; OAI-SearchBot/1.3; +https://openai.com/searchbot"
74.7.227.45 - - [14/Dec/2025:10:02:57 -0500] "GET /wp-content/themes/autodeal/js/matchMedia.js?ver=1.2 HTTP/2.0" 200 1744 "-" "Mozilla/5.0 AppleWebKit/537.36 (KHTML, like Gecko; compatible; GPTBot/1.3; +https://openai.com/gptbot)"
74.7.228.145 - - [14/Dec/2025:10:02:58 -0500] "GET /wp-content/uploads/2024/10/Untitled-3.svg HTTP/2.0" 200 33051 "-" "Mozilla/5.0 (Macintosh; Intel Mac OS X 10_15_7) AppleWebKit/537.36 (KHTML, like Gecko) Chrome/131.0.0.0 Safari/537.36; compatible; OAI-SearchBot/1.3; +https://openai.com/searchbot"
74.7.227.45 - - [14/Dec/2025:10:03:00 -0500] "GET /make/healthcare/ HTTP/2.0" 200 132520 "-" "Mozilla/5.0 AppleWebKit/537.36 (KHTML, like Gecko; compatible; GPTBot/1.3; +https://openai.com/gptbot)"
74.7.229.190 - - [14/Dec/2025:10:03:01 -0500] "GET /wp-content/plugins/pro-elements/assets/css/widget-hotspot.min.css?ver=3.31.2 HTTP/2.0" 200 5554 "-" "Mozilla/5.0 (Macintosh; Intel Mac OS X 10_15_7) AppleWebKit/537.36 (KHTML, like Gecko) Chrome/131.0.0.0 Safari/537.36; compatible; OAI-SearchBot/1.3; +https://openai.com/searchbot"
74.7.227.45 - - [14/Dec/2025:10:03:03 -0500] "GET /wp-content/themes/autodeal/css/bootstrap.css?ver=1 HTTP/2.0" 200 155803 "-" "Mozilla/5.0 AppleWebKit/537.36 (KHTML, like Gecko; compatible; GPTBot/1.3; +https://openai.com/gptbot)"
74.7.229.60 - - [14/Dec/2025:10:03:04 -0500] "GET /wp-content/plugins/elementor/assets/css/conditionals/apple-webkit.min.css?ver=3.31.3 HTTP/2.0" 200 7025 "-" "Mozilla/5.0 (Macintosh; Intel Mac OS X 10_15_7) AppleWebKit/537.36 (KHTML, like Gecko) Chrome/131.0.0.0 Safari/537.36; compatible; OAI-SearchBot/1.3; +https://openai.com/searchbot"
74.7.227.45 - - [14/Dec/2025:10:03:05 -0500] "GET /wp-content/plugins/tf-car-listing/public/assets/third-party/bootstrap/js/bootstrap.bundle.min.js?ver=4.6.2 HTTP/2.0" 200 136938 "-" "Mozilla/5.0 AppleWebKit/537.36 (KHTML, like Gecko; compatible; GPTBot/1.3; +https://openai.com/gptbot)"
74.7.229.12 - - [14/Dec/2025:10:03:06 -0500] "GET /wp-content/uploads/2024/10/Food.svg HTTP/2.0" 200 27923 "-" "Mozilla/5.0 (Macintosh; Intel Mac OS X 10_15_7) AppleWebKit/537.36 (KHTML, like Gecko) Chrome/131.0.0.0 Safari/537.36; compatible; OAI-SearchBot/1.3; +https://openai.com/searchbot"
74.7.227.45 - - [14/Dec/2025:10:03:08 -0500] "GET /wp-content/plugins/elementor/assets/css/conditionals/apple-webkit.min.css?ver=3.31.3 HTTP/2.0" 200 7025 "-" "Mozilla/5.0 AppleWebKit/537.36 (KHTML, like Gecko; compatible; GPTBot/1.3; +https://openai.com/gptbot)"
74.7.242.143 - - [14/Dec/2025:10:03:08 -0500] "GET /wp-content/plugins/tf-car-listing/public/assets/js/jquery.validate.min.js HTTP/2.0" 200 24604 "-" "Mozilla/5.0 (Macintosh; Intel Mac OS X 10_15_7) AppleWebKit/537.36 (KHTML, like Gecko) Chrome/131.0.0.0 Safari/537.36; compatible; OAI-SearchBot/1.3; +https://openai.com/searchbot"
74.7.227.45 - - [14/Dec/2025:10:03:10 -0500] "GET /wp-content/plugins/tf-car-listing/includes/elementor-widget/assets/js/search.js?ver=6.9 HTTP/2.0" 200 17324 "-" "Mozilla/5.0 AppleWebKit/537.36 (KHTML, like Gecko; compatible; GPTBot/1.3; +https://openai.com/gptbot)"
74.7.229.12 - - [14/Dec/2025:10:03:10 -0500] "GET /wp-content/plugins/elementor/assets/css/frontend.min.css?ver=3.31.3 HTTP/2.0" 200 53527 "-" "Mozilla/5.0 (Macintosh; Intel Mac OS X 10_15_7) AppleWebKit/537.36 (KHTML, like Gecko) Chrome/131.0.0.0 Safari/537.36; compatible; OAI-SearchBot/1.3; +https://openai.com/searchbot"
74.7.227.45 - - [14/Dec/2025:10:03:12 -0500] "GET /wp-content/plugins/elementor/assets/lib/animations/styles/fadeInUp.min.css?ver=3.31.3 HTTP/2.0" 200 130 "-" "Mozilla/5.0 AppleWebKit/537.36 (KHTML, like Gecko; compatible; GPTBot/1.3; +https://openai.com/gptbot)"
74.7.229.47 - - [14/Dec/2025:10:03:12 -0500] "GET /wp-includes/js/underscore.min.js?ver=1.13.7 HTTP/2.0" 200 18905 "-" "Mozilla/5.0 (Macintosh; Intel Mac OS X 10_15_7) AppleWebKit/537.36 (KHTML, like Gecko) Chrome/131.0.0.0 Safari/537.36; compatible; OAI-SearchBot/1.3; +https://openai.com/searchbot"
66.249.79.66 - - [14/Dec/2025:10:03:11 -0500] "GET /robots.txt HTTP/1.1" 200 153 "-" "Mozilla/5.0 (compatible; Googlebot/2.1; +http://www.google.com/bot.html)"
66.249.79.67 - - [14/Dec/2025:10:03:12 -0500] "GET /body/emarati-franchise/ HTTP/1.1" 200 146391 "-" "Mozilla/5.0 (compatible; Googlebot/2.1; +http://www.google.com/bot.html)"
74.7.242.143 - - [14/Dec/2025:10:03:13 -0500] "GET /wp-content/plugins/tf-car-listing/public/assets/js/taxonomy.js HTTP/2.0" 200 43319 "-" "Mozilla/5.0 (Macintosh; Intel Mac OS X 10_15_7) AppleWebKit/537.36 (KHTML, like Gecko) Chrome/131.0.0.0 Safari/537.36; compatible; OAI-SearchBot/1.3; +https://openai.com/searchbot"
74.7.227.45 - - [14/Dec/2025:10:03:13 -0500] "GET /wp-content/plugins/tf-car-listing/public/assets/third-party/swiper/swiper-bundle.min.js?ver=6.9 HTTP/2.0" 200 146417 "-" "Mozilla/5.0 AppleWebKit/537.36 (KHTML, like Gecko; compatible; GPTBot/1.3; +https://openai.com/gptbot)"
74.7.229.60 - - [14/Dec/2025:10:03:15 -0500] "GET /wp-content/plugins/elementor/assets/lib/swiper/v8/css/swiper.min.css?ver=8.4.5 HTTP/2.0" 200 16471 "-" "Mozilla/5.0 (Macintosh; Intel Mac OS X 10_15_7) AppleWebKit/537.36 (KHTML, like Gecko) Chrome/131.0.0.0 Safari/537.36; compatible; OAI-SearchBot/1.3; +https://openai.com/searchbot"
74.7.227.45 - - [14/Dec/2025:10:03:15 -0500] "GET /wp-content/plugins/tf-car-listing/public/assets/js/advanced-search.js HTTP/2.0" 200 12358 "-" "Mozilla/5.0 AppleWebKit/537.36 (KHTML, like Gecko; compatible; GPTBot/1.3; +https://openai.com/gptbot)"
74.7.229.60 - - [14/Dec/2025:10:03:16 -0500] "GET /wp-content/uploads/2024/10/Beauty.svg HTTP/2.0" 200 7063 "-" "Mozilla/5.0 (Macintosh; Intel Mac OS X 10_15_7) AppleWebKit/537.36 (KHTML, like Gecko) Chrome/131.0.0.0 Safari/537.36; compatible; OAI-SearchBot/1.3; +https://openai.com/searchbot"
74.7.227.45 - - [14/Dec/2025:10:03:16 -0500] "GET /wp-content/plugins/elementor/assets/css/widget-image-box.min.css?ver=3.31.3 HTTP/2.0" 200 1494 "-" "Mozilla/5.0 AppleWebKit/537.36 (KHTML, like Gecko; compatible; GPTBot/1.3; +https://openai.com/gptbot)"
74.7.229.12 - - [14/Dec/2025:10:03:17 -0500] "GET /wp-content/plugins/tf-car-listing/public/assets/js/user.js HTTP/2.0" 200 26683 "-" "Mozilla/5.0 (Macintosh; Intel Mac OS X 10_15_7) AppleWebKit/537.36 (KHTML, like Gecko) Chrome/131.0.0.0 Safari/537.36; compatible; OAI-SearchBot/1.3; +https://openai.com/searchbot"
74.7.227.45 - - [14/Dec/2025:10:03:17 -0500] "GET /wp-content/plugins/themesflat-core/assets/css/posts/tf-posts.css?ver=6.9 HTTP/2.0" 200 16462 "-" "Mozilla/5.0 AppleWebKit/537.36 (KHTML, like Gecko; compatible; GPTBot/1.3; +https://openai.com/gptbot)"
74.7.242.143 - - [14/Dec/2025:10:03:18 -0500] "GET /wp-content/plugins/elementor/assets/css/conditionals/e-swiper.min.css?ver=3.31.3 HTTP/2.0" 200 5486 "-" "Mozilla/5.0 (Macintosh; Intel Mac OS X 10_15_7) AppleWebKit/537.36 (KHTML, like Gecko) Chrome/131.0.0.0 Safari/537.36; compatible; OAI-SearchBot/1.3; +https://openai.com/searchbot"
74.7.229.12 - - [14/Dec/2025:10:03:19 -0500] "GET /wp-content/plugins/tf-car-listing/public/assets/js/compare.js HTTP/2.0" 200 8809 "-" "Mozilla/5.0 (Macintosh; Intel Mac OS X 10_15_7) AppleWebKit/537.36 (KHTML, like Gecko) Chrome/131.0.0.0 Safari/537.36; compatible; OAI-SearchBot/1.3; +https://openai.com/searchbot"
50.6.4.141 - - [14/Dec/2025:10:03:19 -0500] "POST /wp-cron.php?doing_wp_cron=1765724599.7501070499420166015625 HTTP/1.1" 200 - "-" "WordPress/6.9; https://emtiyz.com"
74.7.227.45 - - [14/Dec/2025:10:03:18 -0500] "GET /about-us/ HTTP/2.0" 200 118467 "-" "Mozilla/5.0 AppleWebKit/537.36 (KHTML, like Gecko; compatible; GPTBot/1.3; +https://openai.com/gptbot)"
74.7.242.130 - - [14/Dec/2025:10:03:20 -0500] "GET /wp-content/plugins/elementor/assets/js/frontend.min.js?ver=3.31.3 HTTP/2.0" 200 32879 "-" "Mozilla/5.0 (Macintosh; Intel Mac OS X 10_15_7) AppleWebKit/537.36 (KHTML, like Gecko) Chrome/131.0.0.0 Safari/537.36; compatible; OAI-SearchBot/1.3; +https://openai.com/searchbot"
74.7.227.45 - - [14/Dec/2025:10:03:19 -0500] "GET /franchise/chocolate-bar/ HTTP/2.0" 200 168711 "-" "Mozilla/5.0 AppleWebKit/537.36 (KHTML, like Gecko; compatible; GPTBot/1.3; +https://openai.com/gptbot)"
74.7.228.145 - - [14/Dec/2025:10:03:21 -0500] "GET /wp-content/uploads/2024/10/xx.svg HTTP/2.0" 200 23246 "-" "Mozilla/5.0 (Macintosh; Intel Mac OS X 10_15_7) AppleWebKit/537.36 (KHTML, like Gecko) Chrome/131.0.0.0 Safari/537.36; compatible; OAI-SearchBot/1.3; +https://openai.com/searchbot"
74.7.229.12 - - [14/Dec/2025:10:03:21 -0500] "GET /wp-includes/js/jquery/ui/datepicker.min.js?ver=1.13.3 HTTP/2.0" 200 36748 "-" "Mozilla/5.0 (Macintosh; Intel Mac OS X 10_15_7) AppleWebKit/537.36 (KHTML, like Gecko) Chrome/131.0.0.0 Safari/537.36; compatible; OAI-SearchBot/1.3; +https://openai.com/searchbot"
74.7.227.45 - - [14/Dec/2025:10:03:20 -0500] "GET /make/travel-hospitality/ HTTP/2.0" 200 132688 "-" "Mozilla/5.0 AppleWebKit/537.36 (KHTML, like Gecko; compatible; GPTBot/1.3; +https://openai.com/gptbot)"
74.7.242.130 - - [14/Dec/2025:10:03:22 -0500] "GET /wp-content/themes/autodeal/js/main.js?ver=2.0.4 HTTP/2.0" 200 13999 "-" "Mozilla/5.0 (Macintosh; Intel Mac OS X 10_15_7) AppleWebKit/537.36 (KHTML, like Gecko) Chrome/131.0.0.0 Safari/537.36; compatible; OAI-SearchBot/1.3; +https://openai.com/searchbot"
74.7.227.45 - - [14/Dec/2025:10:03:21 -0500] "GET /franchise/chiki/ HTTP/2.0" 200 168027 "-" "Mozilla/5.0 AppleWebKit/537.36 (KHTML, like Gecko; compatible; GPTBot/1.3; +https://openai.com/gptbot)"
74.7.227.45 - - [14/Dec/2025:10:03:22 -0500] "GET /wp-content/plugins/tf-car-listing/public/assets/js/taxonomy.js HTTP/2.0" 200 43319 "-" "Mozilla/5.0 AppleWebKit/537.36 (KHTML, like Gecko; compatible; GPTBot/1.3; +https://openai.com/gptbot)"
74.7.229.190 - - [14/Dec/2025:10:03:22 -0500] "GET /wp-content/uploads/useanyfont/uaf.css?ver=1751181078 HTTP/2.0" 200 337 "-" "Mozilla/5.0 (Macintosh; Intel Mac OS X 10_15_7) AppleWebKit/537.36 (KHTML, like Gecko) Chrome/131.0.0.0 Safari/537.36; compatible; OAI-SearchBot/1.3; +https://openai.com/searchbot"
74.7.242.143 - - [14/Dec/2025:10:03:23 -0500] "GET /wp-includes/js/jquery/jquery.min.js?ver=3.7.1 HTTP/2.0" 200 87553 "-" "Mozilla/5.0 (Macintosh; Intel Mac OS X 10_15_7) AppleWebKit/537.36 (KHTML, like Gecko) Chrome/131.0.0.0 Safari/537.36; compatible; OAI-SearchBot/1.3; +https://openai.com/searchbot"
74.7.229.190 - - [14/Dec/2025:10:03:23 -0500] "GET /wp-includes/js/jquery/jquery-migrate.min.js?ver=3.4.1 HTTP/2.0" 200 13577 "-" "Mozilla/5.0 (Macintosh; Intel Mac OS X 10_15_7) AppleWebKit/537.36 (KHTML, like Gecko) Chrome/131.0.0.0 Safari/537.36; compatible; OAI-SearchBot/1.3; +https://openai.com/searchbot"
74.7.227.45 - - [14/Dec/2025:10:03:23 -0500] "GET /ask-emtiyz-ai/ HTTP/2.0" 200 122593 "-" "Mozilla/5.0 AppleWebKit/537.36 (KHTML, like Gecko; compatible; GPTBot/1.3; +https://openai.com/gptbot)"
74.7.227.45 - - [14/Dec/2025:10:03:23 -0500] "GET /wp-content/plugins/elementor/assets/lib/swiper/v8/css/swiper.min.css?ver=8.4.5 HTTP/2.0" 200 16471 "-" "Mozilla/5.0 AppleWebKit/537.36 (KHTML, like Gecko; compatible; GPTBot/1.3; +https://openai.com/gptbot)"
74.7.228.145 - - [14/Dec/2025:10:03:24 -0500] "GET /wp-content/plugins/elementor/assets/lib/swiper/v8/swiper.min.js?ver=8.4.5 HTTP/2.0" 200 143709 "-" "Mozilla/5.0 (Macintosh; Intel Mac OS X 10_15_7) AppleWebKit/537.36 (KHTML, like Gecko) Chrome/131.0.0.0 Safari/537.36; compatible; OAI-SearchBot/1.3; +https://openai.com/searchbot"
74.7.242.130 - - [14/Dec/2025:10:03:24 -0500] "GET /wp-includes/js/plupload/moxie.min.js?ver=1.3.5.1 HTTP/2.0" 200 87394 "-" "Mozilla/5.0 (Macintosh; Intel Mac OS X 10_15_7) AppleWebKit/537.36 (KHTML, like Gecko) Chrome/131.0.0.0 Safari/537.36; compatible; OAI-SearchBot/1.3; +https://openai.com/searchbot"
74.7.227.45 - - [14/Dec/2025:10:03:24 -0500] "GET /wp-content/plugins/tf-car-listing/public/assets/third-party/swiper/swiper-bundle.min.js.map HTTP/2.0" 404 103890 "-" "Mozilla/5.0 AppleWebKit/537.36 (KHTML, like Gecko; compatible; GPTBot/1.3; +https://openai.com/gptbot)"
74.7.227.45 - - [14/Dec/2025:10:03:25 -0500] "GET /wp-content/plugins/elementor/assets/css/widget-counter.min.css?ver=3.31.3 HTTP/2.0" 200 793 "-" "Mozilla/5.0 AppleWebKit/537.36 (KHTML, like Gecko; compatible; GPTBot/1.3; +https://openai.com/gptbot)"
74.7.242.130 - - [14/Dec/2025:10:03:25 -0500] "GET /comments/feed/ HTTP/2.0" 200 697 "-" "Mozilla/5.0 (Macintosh; Intel Mac OS X 10_15_7) AppleWebKit/537.36 (KHTML, like Gecko) Chrome/131.0.0.0 Safari/537.36; compatible; OAI-SearchBot/1.3; +https://openai.com/searchbot"
74.7.227.45 - - [14/Dec/2025:10:03:25 -0500] "GET /wp-content/plugins/pro-elements/assets/js/elements-handlers.min.js?ver=3.31.2 HTTP/2.0" 200 44669 "-" "Mozilla/5.0 AppleWebKit/537.36 (KHTML, like Gecko; compatible; GPTBot/1.3; +https://openai.com/gptbot)"
74.7.227.45 - - [14/Dec/2025:10:03:26 -0500] "GET /wp-includes/js/jquery/ui/core.min.js?ver=1.13.3 HTTP/2.0" 200 21464 "-" "Mozilla/5.0 AppleWebKit/537.36 (KHTML, like Gecko; compatible; GPTBot/1.3; +https://openai.com/gptbot)"
74.7.242.130 - - [14/Dec/2025:10:03:25 -0500] "GET /feed/ HTTP/2.0" 200 34423 "-" "Mozilla/5.0 (Macintosh; Intel Mac OS X 10_15_7) AppleWebKit/537.36 (KHTML, like Gecko) Chrome/131.0.0.0 Safari/537.36; compatible; OAI-SearchBot/1.3; +https://openai.com/searchbot"
74.7.227.45 - - [14/Dec/2025:10:03:26 -0500] "GET /?p=1642 HTTP/2.0" 301 - "-" "Mozilla/5.0 AppleWebKit/537.36 (KHTML, like Gecko; compatible; GPTBot/1.3; +https://openai.com/gptbot)"
74.7.229.47 - - [14/Dec/2025:10:03:26 -0500] "GET /xmlrpc.php?rsd HTTP/2.0" 200 774 "-" "Mozilla/5.0 (Macintosh; Intel Mac OS X 10_15_7) AppleWebKit/537.36 (KHTML, like Gecko) Chrome/131.0.0.0 Safari/537.36; compatible; OAI-SearchBot/1.3; +https://openai.com/searchbot"
74.7.242.130 - - [14/Dec/2025:10:03:27 -0500] "GET /wp-content/plugins/themesflat-core/assets/css/owl.carousel.min.css?ver=6.9 HTTP/2.0" 200 3414 "-" "Mozilla/5.0 (Macintosh; Intel Mac OS X 10_15_7) AppleWebKit/537.36 (KHTML, like Gecko) Chrome/131.0.0.0 Safari/537.36; compatible; OAI-SearchBot/1.3; +https://openai.com/searchbot"
74.7.227.45 - - [14/Dec/2025:10:03:27 -0500] "GET /about-us/ HTTP/2.0" 200 118467 "-" "Mozilla/5.0 AppleWebKit/537.36 (KHTML, like Gecko; compatible; GPTBot/1.3; +https://openai.com/gptbot)"
74.7.227.45 - - [14/Dec/2025:10:03:28 -0500] "GET /wp-content/plugins/tf-car-listing/public/assets/js/dealer.js HTTP/2.0" 200 9891 "-" "Mozilla/5.0 AppleWebKit/537.36 (KHTML, like Gecko; compatible; GPTBot/1.3; +https://openai.com/gptbot)"
74.7.229.47 - - [14/Dec/2025:10:03:28 -0500] "GET /wp-content/plugins/tf-car-listing/public/assets/third-party/jquery-ui/jquery-ui.min.css?ver=1.11.4 HTTP/2.0" 200 30169 "-" "Mozilla/5.0 (Macintosh; Intel Mac OS X 10_15_7) AppleWebKit/537.36 (KHTML, like Gecko) Chrome/131.0.0.0 Safari/537.36; compatible; OAI-SearchBot/1.3; +https://openai.com/searchbot"
74.7.228.145 - - [14/Dec/2025:10:03:28 -0500] "GET /wp-content/plugins/tf-car-listing/public/assets/third-party/nice-select/nice-select.min.js HTTP/2.0" 200 2822 "-" "Mozilla/5.0 (Macintosh; Intel Mac OS X 10_15_7) AppleWebKit/537.36 (KHTML, like Gecko) Chrome/131.0.0.0 Safari/537.36; compatible; OAI-SearchBot/1.3; +https://openai.com/searchbot"
74.7.227.45 - - [14/Dec/2025:10:03:28 -0500] "GET /wp-json/oembed/1.0/embed?format=xml&url=https%3A%2F%2Femtiyz.com%2Ffranchise%2Fchocolate-bar%2F HTTP/2.0" 200 2532 "-" "Mozilla/5.0 AppleWebKit/537.36 (KHTML, like Gecko; compatible; GPTBot/1.3; +https://openai.com/gptbot)"
74.7.227.45 - - [14/Dec/2025:10:03:29 -0500] "GET /wp-content/uploads/2024/10/Enter.svg HTTP/2.0" 200 6087 "-" "Mozilla/5.0 AppleWebKit/537.36 (KHTML, like Gecko; compatible; GPTBot/1.3; +https://openai.com/gptbot)"
74.7.228.145 - - [14/Dec/2025:10:03:29 -0500] "GET /wp-content/themes/autodeal/css/icon-autodeal.css?ver=1.0.0 HTTP/2.0" 200 9166 "-" "Mozilla/5.0 (Macintosh; Intel Mac OS X 10_15_7) AppleWebKit/537.36 (KHTML, like Gecko) Chrome/131.0.0.0 Safari/537.36; compatible; OAI-SearchBot/1.3; +https://openai.com/searchbot"
74.7.227.45 - - [14/Dec/2025:10:03:29 -0500] "GET /wp-json/oembed/1.0/embed?url=https%3A%2F%2Femtiyz.com%2Ffranchise%2Fchiki%2F HTTP/2.0" 200 2299 "-" "Mozilla/5.0 AppleWebKit/537.36 (KHTML, like Gecko; compatible; GPTBot/1.3; +https://openai.com/gptbot)"
74.7.227.45 - - [14/Dec/2025:10:03:30 -0500] "GET /make/education/ HTTP/2.0" 200 132503 "-" "Mozilla/5.0 AppleWebKit/537.36 (KHTML, like Gecko; compatible; GPTBot/1.3; +https://openai.com/gptbot)"
74.7.242.143 - - [14/Dec/2025:10:03:31 -0500] "GET /wp-includes/js/plupload/plupload.min.js?ver=2.1.9 HTTP/2.0" 200 15605 "-" "Mozilla/5.0 (Macintosh; Intel Mac OS X 10_15_7) AppleWebKit/537.36 (KHTML, like Gecko) Chrome/131.0.0.0 Safari/537.36; compatible; OAI-SearchBot/1.3; +https://openai.com/searchbot"
74.7.242.130 - - [14/Dec/2025:10:03:31 -0500] "GET /wp-content/uploads/2024/10/Edu.svg HTTP/2.0" 200 40763 "-" "Mozilla/5.0 (Macintosh; Intel Mac OS X 10_15_7) AppleWebKit/537.36 (KHTML, like Gecko) Chrome/131.0.0.0 Safari/537.36; compatible; OAI-SearchBot/1.3; +https://openai.com/searchbot"
74.7.227.45 - - [14/Dec/2025:10:03:31 -0500] "GET /wp-includes/js/plupload/'+n+' HTTP/2.0" 301 - "-" "Mozilla/5.0 AppleWebKit/537.36 (KHTML, like Gecko; compatible; GPTBot/1.3; +https://openai.com/gptbot)"
74.7.229.12 - - [14/Dec/2025:10:03:31 -0500] "GET /wp-content/uploads/2024/10/Enter.svg HTTP/2.0" 200 6087 "-" "Mozilla/5.0 (Macintosh; Intel Mac OS X 10_15_7) AppleWebKit/537.36 (KHTML, like Gecko) Chrome/131.0.0.0 Safari/537.36; compatible; OAI-SearchBot/1.3; +https://openai.com/searchbot"
74.7.242.130 - - [14/Dec/2025:10:03:32 -0500] "GET /wp-content/plugins/elementor/assets/css/widget-social-icons.min.css?ver=3.31.3 HTTP/2.0" 200 5150 "-" "Mozilla/5.0 (Macintosh; Intel Mac OS X 10_15_7) AppleWebKit/537.36 (KHTML, like Gecko) Chrome/131.0.0.0 Safari/537.36; compatible; OAI-SearchBot/1.3; +https://openai.com/searchbot"
74.7.227.45 - - [14/Dec/2025:10:03:31 -0500] "GET /wp-includes/js/plupload/+n+ HTTP/2.0" 404 103482 "-" "Mozilla/5.0 AppleWebKit/537.36 (KHTML, like Gecko; compatible; GPTBot/1.3; +https://openai.com/gptbot)"
74.7.227.45 - - [14/Dec/2025:10:03:32 -0500] "GET /?p=1792 HTTP/2.0" 301 - "-" "Mozilla/5.0 AppleWebKit/537.36 (KHTML, like Gecko; compatible; GPTBot/1.3; +https://openai.com/gptbot)"
74.7.229.60 - - [14/Dec/2025:10:03:32 -0500] "GET /wp-includes/js/imagesloaded.min.js?ver=5.0.0 HTTP/2.0" 200 5520 "-" "Mozilla/5.0 (Macintosh; Intel Mac OS X 10_15_7) AppleWebKit/537.36 (KHTML, like Gecko) Chrome/131.0.0.0 Safari/537.36; compatible; OAI-SearchBot/1.3; +https://openai.com/searchbot"
74.7.227.45 - - [14/Dec/2025:10:03:32 -0500] "GET /ask-emtiyz-ai/ HTTP/2.0" 200 122593 "-" "Mozilla/5.0 AppleWebKit/537.36 (KHTML, like Gecko; compatible; GPTBot/1.3; +https://openai.com/gptbot)"
74.7.229.60 - - [14/Dec/2025:10:03:33 -0500] "GET /wp-content/plugins/tf-car-listing/public/assets/third-party/jquery-ui/jquery-ui.min.js?ver=1.12.1 HTTP/2.0" 200 253681 "-" "Mozilla/5.0 (Macintosh; Intel Mac OS X 10_15_7) AppleWebKit/537.36 (KHTML, like Gecko) Chrome/131.0.0.0 Safari/537.36; compatible; OAI-SearchBot/1.3; +https://openai.com/searchbot"
74.7.227.45 - - [14/Dec/2025:10:03:33 -0500] "GET /wp-includes/js/imagesloaded.min.js?ver=5.0.0 HTTP/2.0" 200 5520 "-" "Mozilla/5.0 AppleWebKit/537.36 (KHTML, like Gecko; compatible; GPTBot/1.3; +https://openai.com/gptbot)"
74.7.242.143 - - [14/Dec/2025:10:03:33 -0500] "GET /wp-content/plugins/pro-elements/assets/css/widget-slides.min.css?ver=3.31.2 HTTP/2.0" 200 2385 "-" "Mozilla/5.0 (Macintosh; Intel Mac OS X 10_15_7) AppleWebKit/537.36 (KHTML, like Gecko) Chrome/131.0.0.0 Safari/537.36; compatible; OAI-SearchBot/1.3; +https://openai.com/searchbot"
74.7.227.45 - - [14/Dec/2025:10:03:34 -0500] "GET /wp-content/plugins/tf-car-listing/public/assets/js/star-rating.min.js HTTP/2.0" 200 16458 "-" "Mozilla/5.0 AppleWebKit/537.36 (KHTML, like Gecko; compatible; GPTBot/1.3; +https://openai.com/gptbot)"
74.7.229.60 - - [14/Dec/2025:10:03:34 -0500] "GET /wp-content/uploads/2024/10/rr.svg HTTP/2.0" 200 6889 "-" "Mozilla/5.0 (Macintosh; Intel Mac OS X 10_15_7) AppleWebKit/537.36 (KHTML, like Gecko) Chrome/131.0.0.0 Safari/537.36; compatible; OAI-SearchBot/1.3; +https://openai.com/searchbot"
